CRAN Package Check Results for Package spatstat.random

Last updated on 2022-08-11 12:55:44 CEST.

Flavor Version Tinstall Tcheck Ttotal Status Flags
r-devel-linux-x86_64-debian-clang 2.2-0 30.07 167.47 197.54 NOTE
r-devel-linux-x86_64-debian-gcc 2.2-0 30.57 121.46 152.03 NOTE
r-devel-linux-x86_64-fedora-clang 2.2-0 240.83 NOTE
r-devel-linux-x86_64-fedora-gcc 2.2-0 239.83 NOTE
r-devel-windows-x86_64 2.2-0 186.00 204.00 390.00 OK
r-patched-linux-x86_64 2.2-0 39.20 156.44 195.64 NOTE
r-release-linux-x86_64 2.2-0 NOTE
r-release-macos-arm64 2.2-0 64.00 OK
r-release-macos-x86_64 2.2-0 90.00 OK
r-release-windows-x86_64 2.2-0 257.00 196.00 453.00 OK
r-oldrel-macos-arm64 2.2-0 56.00 OK
r-oldrel-macos-x86_64 2.2-0 100.00 OK
r-oldrel-windows-ix86+x86_64 2.2-0 83.00 281.00 364.00 OK

Check Details

Version: 2.2-0
Check: package dependencies
Result: NOTE
    Package suggested but not available for checking: 'RandomFields'
Flavors: r-devel-linux-x86_64-debian-clang, r-devel-linux-x86_64-debian-gcc, r-devel-linux-x86_64-fedora-clang, r-devel-linux-x86_64-fedora-gcc, r-patched-linux-x86_64, r-release-linux-x86_64

Version: 2.2-0
Check: Rd cross-references
Result: NOTE
    Unknown package 'RandomFields' in Rd xrefs
Flavors: r-devel-linux-x86_64-debian-clang, r-devel-linux-x86_64-debian-gcc, r-devel-linux-x86_64-fedora-clang, r-devel-linux-x86_64-fedora-gcc, r-patched-linux-x86_64, r-release-linux-x86_64