Last updated on 2023-12-05 09:50:19 CET.
Flavor | Version | Tinstall | Tcheck | Ttotal | Status | Flags |
---|---|---|---|---|---|---|
r-devel-linux-x86_64-debian-clang | 5.0-1 | 11.93 | 175.40 | 187.33 | NOTE | |
r-devel-linux-x86_64-debian-gcc | 5.0-1 | 8.67 | 134.36 | 143.03 | NOTE | |
r-devel-linux-x86_64-fedora-clang | 5.0-1 | 248.76 | NOTE | |||
r-devel-linux-x86_64-fedora-gcc | 5.0-1 | 246.19 | NOTE | |||
r-devel-windows-x86_64 | 5.0-1 | 12.00 | 156.00 | 168.00 | NOTE | |
r-patched-linux-x86_64 | 5.0-1 | 11.39 | 171.87 | 183.26 | NOTE | |
r-release-linux-x86_64 | 5.0-1 | 9.70 | 168.19 | 177.89 | NOTE | |
r-release-macos-arm64 | 5.0-1 | 71.00 | NOTE | |||
r-release-macos-x86_64 | 5.0-1 | 116.00 | NOTE | |||
r-release-windows-x86_64 | 5.0-1 | 18.00 | 186.00 | 204.00 | NOTE | |
r-oldrel-macos-arm64 | 5.0-1 | 66.00 | NOTE | |||
r-oldrel-macos-x86_64 | 5.0-1 | 101.00 | NOTE | |||
r-oldrel-windows-x86_64 | 5.0-1 | 18.00 | 194.00 | 212.00 | NOTE |
Version: 5.0-1
Check: package dependencies
Result: NOTE
Depends: includes the non-default packages:
'spatstat.data', 'spatstat.sparse', 'spatstat.geom',
'spatstat.random', 'spatstat.explore', 'spatstat.model', 'spatstat'
Adding so many packages to the search path is excessive and importing
selectively is preferable.
Flavors: r-devel-linux-x86_64-debian-clang, r-devel-linux-x86_64-debian-gcc, r-devel-linux-x86_64-fedora-clang, r-devel-linux-x86_64-fedora-gcc, r-devel-windows-x86_64, r-patched-linux-x86_64, r-release-linux-x86_64, r-release-macos-arm64, r-release-macos-x86_64, r-release-windows-x86_64, r-oldrel-macos-arm64, r-oldrel-macos-x86_64, r-oldrel-windows-x86_64