Last updated on 2023-12-06 11:52:40 CET.
Flavor | Version | Tinstall | Tcheck | Ttotal | Status | Flags |
---|---|---|---|---|---|---|
r-devel-linux-x86_64-debian-clang | 3.0-7 | 10.97 | 186.98 | 197.95 | NOTE | |
r-devel-linux-x86_64-debian-gcc | 3.0-7 | 7.44 | 144.93 | 152.37 | NOTE | |
r-devel-linux-x86_64-fedora-clang | 3.0-7 | 268.78 | NOTE | |||
r-devel-linux-x86_64-fedora-gcc | 3.0-7 | 277.19 | NOTE | |||
r-devel-windows-x86_64 | 3.0-7 | 10.00 | 209.00 | 219.00 | NOTE | |
r-patched-linux-x86_64 | 3.0-7 | 7.57 | 184.34 | 191.91 | NOTE | |
r-release-linux-x86_64 | 3.0-7 | 8.72 | 183.67 | 192.39 | NOTE | |
r-release-macos-arm64 | 3.0-7 | 133.00 | NOTE | |||
r-release-macos-x86_64 | 3.0-7 | 219.00 | NOTE | |||
r-release-windows-x86_64 | 3.0-7 | 12.00 | 222.00 | 234.00 | NOTE | |
r-oldrel-macos-arm64 | 3.0-7 | 117.00 | NOTE | |||
r-oldrel-macos-x86_64 | 3.0-6 | 122.00 | NOTE | |||
r-oldrel-windows-x86_64 | 3.0-7 | 13.00 | 231.00 | 244.00 | NOTE |
Version: 3.0-7
Check: package dependencies
Result: NOTE
Depends: includes the non-default packages:
'spatstat.data', 'spatstat.geom', 'spatstat.random',
'spatstat.explore', 'spatstat.model', 'spatstat.linnet'
Adding so many packages to the search path is excessive and importing
selectively is preferable.
Flavors: r-devel-linux-x86_64-debian-clang, r-devel-linux-x86_64-debian-gcc, r-devel-linux-x86_64-fedora-clang, r-devel-linux-x86_64-fedora-gcc, r-devel-windows-x86_64, r-patched-linux-x86_64, r-release-linux-x86_64, r-release-macos-arm64, r-release-macos-x86_64, r-release-windows-x86_64, r-oldrel-macos-arm64, r-oldrel-windows-x86_64
Version: 3.0-7
Check: installed package size
Result: NOTE
installed size is 5.4Mb
sub-directories of 1Mb or more:
doc 4.7Mb
Flavors: r-devel-linux-x86_64-fedora-clang, r-devel-windows-x86_64, r-release-macos-arm64, r-release-macos-x86_64, r-release-windows-x86_64, r-oldrel-macos-arm64, r-oldrel-windows-x86_64
Version: 3.0-6
Check: package dependencies
Result: NOTE
Depends: includes the non-default packages:
'spatstat.data', 'spatstat.geom', 'spatstat.random',
'spatstat.explore', 'spatstat.model', 'spatstat.linnet'
Adding so many packages to the search path is excessive and importing
selectively is preferable.
Flavor: r-oldrel-macos-x86_64