Last updated on 2023-12-06 11:52:40 CET.
Flavor | Version | Tinstall | Tcheck | Ttotal | Status | Flags |
---|---|---|---|---|---|---|
r-devel-linux-x86_64-debian-clang | 3.2-7 | 71.25 | 425.12 | 496.37 | OK | |
r-devel-linux-x86_64-debian-gcc | 3.2-7 | 54.95 | 319.88 | 374.83 | OK | |
r-devel-linux-x86_64-fedora-clang | 3.2-7 | 661.50 | OK | |||
r-devel-linux-x86_64-fedora-gcc | 3.2-7 | 653.45 | OK | |||
r-devel-windows-x86_64 | 3.2-7 | 73.00 | 433.00 | 506.00 | OK | |
r-patched-linux-x86_64 | 3.2-7 | 79.44 | 424.31 | 503.75 | OK | |
r-release-linux-x86_64 | 3.2-7 | 66.66 | 420.21 | 486.87 | OK | |
r-release-macos-arm64 | 3.2-7 | 150.00 | NOTE | |||
r-release-macos-x86_64 | 3.2-7 | 398.00 | NOTE | |||
r-release-windows-x86_64 | 3.2-7 | 96.00 | 542.00 | 638.00 | OK | |
r-oldrel-macos-arm64 | 3.2-7 | 149.00 | NOTE | |||
r-oldrel-macos-x86_64 | 3.2-7 | 194.00 | OK | |||
r-oldrel-windows-x86_64 | 3.2-7 | 91.00 | 526.00 | 617.00 | OK |
Version: 3.2-7
Check: installed package size
Result: NOTE
installed size is 5.2Mb
sub-directories of 1Mb or more:
R 2.1Mb
help 1.9Mb
Flavors: r-release-macos-arm64, r-release-macos-x86_64, r-oldrel-macos-arm64