Last updated on 2024-04-26 12:54:51 CEST.
Flavor | Version | Tinstall | Tcheck | Ttotal | Status | Flags |
---|---|---|---|---|---|---|
r-devel-linux-x86_64-debian-clang | 3.2-7 | 55.98 | 470.22 | 526.20 | OK | |
r-devel-linux-x86_64-debian-gcc | 3.2-7 | 49.86 | 324.26 | 374.12 | OK | |
r-devel-linux-x86_64-fedora-clang | 3.2-7 | 614.75 | OK | |||
r-devel-linux-x86_64-fedora-gcc | 3.2-7 | 601.23 | OK | |||
r-devel-windows-x86_64 | 3.2-7 | 60.00 | 404.00 | 464.00 | OK | |
r-patched-linux-x86_64 | 3.2-7 | 75.35 | 429.73 | 505.08 | OK | |
r-release-linux-x86_64 | 3.2-7 | 58.54 | 442.29 | 500.83 | OK | |
r-release-macos-arm64 | 3.2-7 | 145.00 | OK | |||
r-release-macos-x86_64 | 3.2-7 | 480.00 | NOTE | |||
r-release-windows-x86_64 | 3.2-7 | 60.00 | 393.00 | 453.00 | OK | |
r-oldrel-macos-arm64 | 3.2-7 | 156.00 | OK | |||
r-oldrel-macos-x86_64 | 3.2-7 | 384.00 | NOTE | |||
r-oldrel-windows-x86_64 | 3.2-7 | 78.00 | 581.00 | 659.00 | OK |
Version: 3.2-7
Check: installed package size
Result: NOTE
installed size is 5.0Mb
sub-directories of 1Mb or more:
R 2.1Mb
help 2.1Mb
Flavors: r-release-macos-x86_64, r-oldrel-macos-x86_64