Last updated on 2023-12-05 09:50:19 CET.
Flavor | Version | Tinstall | Tcheck | Ttotal | Status | Flags |
---|---|---|---|---|---|---|
r-devel-linux-x86_64-debian-clang | 3.0-2 | 12.69 | 106.32 | 119.01 | NOTE | |
r-devel-linux-x86_64-debian-gcc | 3.0-2 | 10.08 | 78.27 | 88.35 | NOTE | |
r-devel-linux-x86_64-fedora-clang | 3.0-2 | 152.02 | NOTE | |||
r-devel-linux-x86_64-fedora-gcc | 3.0-2 | 156.86 | NOTE | |||
r-devel-windows-x86_64 | 3.0-2 | 13.00 | 92.00 | 105.00 | NOTE | |
r-patched-linux-x86_64 | 3.0-2 | 9.00 | 104.61 | 113.61 | NOTE | |
r-release-linux-x86_64 | 3.0-2 | 8.76 | 103.25 | 112.01 | NOTE | |
r-release-macos-arm64 | 3.0-2 | 50.00 | NOTE | |||
r-release-macos-x86_64 | 3.0-2 | 75.00 | NOTE | |||
r-release-windows-x86_64 | 3.0-2 | 17.00 | 110.00 | 127.00 | NOTE | |
r-oldrel-macos-arm64 | 3.0-2 | 47.00 | NOTE | |||
r-oldrel-macos-x86_64 | 3.0-2 | 71.00 | NOTE | |||
r-oldrel-windows-x86_64 | 3.0-2 | 17.00 | 110.00 | 127.00 | NOTE |
Version: 3.0-2
Check: package dependencies
Result: NOTE
Depends: includes the non-default packages:
'spatstat.data', 'spatstat.sparse', 'spatstat.geom',
'spatstat.random', 'spatstat.explore', 'spatstat.model',
'spatstat.linnet', 'spatstat'
Adding so many packages to the search path is excessive and importing
selectively is preferable.
Flavors: r-devel-linux-x86_64-debian-clang, r-devel-linux-x86_64-debian-gcc, r-devel-linux-x86_64-fedora-clang, r-devel-linux-x86_64-fedora-gcc, r-devel-windows-x86_64, r-patched-linux-x86_64, r-release-linux-x86_64, r-release-macos-arm64, r-release-macos-x86_64, r-release-windows-x86_64, r-oldrel-macos-arm64, r-oldrel-macos-x86_64, r-oldrel-windows-x86_64