Last updated on 2024-04-17 10:41:51 CEST.
Flavor | Version | Tinstall | Tcheck | Ttotal | Status | Flags |
---|---|---|---|---|---|---|
r-devel-linux-x86_64-debian-clang | 0.2.2 | 4.65 | 164.13 | 168.78 | OK | |
r-devel-linux-x86_64-debian-gcc | 0.2.2 | 3.23 | 118.63 | 121.86 | OK | |
r-devel-linux-x86_64-fedora-clang | 0.2.2 | 204.13 | NOTE | |||
r-devel-linux-x86_64-fedora-gcc | 0.2.2 | 204.81 | OK | |||
r-prerel-macos-arm64 | 0.2.2 | 60.00 | OK | |||
r-prerel-windows-x86_64 | 0.2.2 | 6.00 | 125.00 | 131.00 | OK | |
r-patched-linux-x86_64 | 0.2.2 | 5.36 | 152.34 | 157.70 | OK | |
r-release-linux-x86_64 | 0.2.2 | 4.37 | 157.04 | 161.41 | OK | |
r-release-macos-arm64 | 0.2.2 | 67.00 | OK | |||
r-release-macos-x86_64 | 0.2.2 | 120.00 | OK | |||
r-release-windows-x86_64 | 0.2.2 | 7.00 | 164.00 | 171.00 | OK | |
r-oldrel-macos-arm64 | 0.2.2 | 53.00 | OK | |||
r-oldrel-windows-x86_64 | 0.2.2 | 7.00 | 161.00 | 168.00 | OK |
Version: 0.2.2
Check: Rd cross-references
Result: NOTE
Undeclared package ‘sp’ in Rd xrefs
Flavor: r-devel-linux-x86_64-fedora-clang