Last updated on 2022-06-29 11:52:22 CEST.
Flavor | Version | Tinstall | Tcheck | Ttotal | Status | Flags |
---|---|---|---|---|---|---|
r-devel-linux-x86_64-debian-clang | 0.2.3 | 277.28 | 37.62 | 314.90 | OK | |
r-devel-linux-x86_64-debian-gcc | 0.2.3 | 263.26 | 28.95 | 292.21 | OK | |
r-devel-linux-x86_64-fedora-clang | 0.2.3 | 464.53 | NOTE | |||
r-devel-linux-x86_64-fedora-gcc | 0.2.3 | 479.56 | OK | |||
r-devel-windows-x86_64 | 0.2.3 | 235.00 | 108.00 | 343.00 | OK | |
r-patched-linux-x86_64 | 0.2.3 | 264.15 | 36.51 | 300.66 | OK | |
r-release-linux-x86_64 | 0.2.3 | 275.37 | 36.32 | 311.69 | OK | |
r-release-macos-arm64 | 0.2.3 | 102.00 | NOTE | |||
r-release-macos-x86_64 | 0.2.3 | 135.00 | NOTE | |||
r-release-windows-x86_64 | 0.2.3 | 236.00 | 111.00 | 347.00 | OK | |
r-oldrel-macos-arm64 | 0.2.3 | 113.00 | NOTE | |||
r-oldrel-macos-x86_64 | 0.2.3 | 210.00 | NOTE | |||
r-oldrel-windows-ix86+x86_64 | 0.2.3 | 624.00 | 101.00 | 725.00 | NOTE |
Version: 0.2.3
Check: installed package size
Result: NOTE
installed size is 17.0Mb
sub-directories of 1Mb or more:
doc 1.2Mb
libs 15.4Mb
Flavors: r-devel-linux-x86_64-fedora-clang, r-release-macos-arm64, r-release-macos-x86_64, r-oldrel-macos-arm64, r-oldrel-macos-x86_64, r-oldrel-windows-ix86+x86_64