Last updated on 2025-01-17 10:48:37 CET.
Flavor | Version | Tinstall | Tcheck | Ttotal | Status | Flags |
---|---|---|---|---|---|---|
r-devel-linux-x86_64-debian-clang | 0.2.5 | 157.77 | 31.53 | 189.30 | NOTE | |
r-devel-linux-x86_64-debian-gcc | 0.2.5 | 127.66 | 25.55 | 153.21 | NOTE | |
r-devel-linux-x86_64-fedora-clang | 0.2.5 | 319.34 | NOTE | |||
r-devel-linux-x86_64-fedora-gcc | 0.2.5 | 439.05 | NOTE | |||
r-devel-windows-x86_64 | 0.2.5 | 154.00 | 95.00 | 249.00 | NOTE | |
r-patched-linux-x86_64 | 0.2.5 | 182.59 | 30.62 | 213.21 | NOTE | |
r-release-linux-x86_64 | 0.2.5 | 174.28 | 30.27 | 204.55 | NOTE | |
r-release-macos-arm64 | 0.2.5 | 86.00 | NOTE | |||
r-release-macos-x86_64 | 0.2.5 | 77.00 | NOTE | |||
r-release-windows-x86_64 | 0.2.5 | 157.00 | 87.00 | 244.00 | NOTE | |
r-oldrel-macos-arm64 | 0.2.5 | 89.00 | NOTE | |||
r-oldrel-macos-x86_64 | 0.2.5 | 107.00 | NOTE | |||
r-oldrel-windows-x86_64 | 0.2.5 | 179.00 | 112.00 | 291.00 | NOTE |
Version: 0.2.5
Check: C++ specification
Result: NOTE
Specified C++14: please drop specification unless essential
Flavors: r-devel-linux-x86_64-debian-clang, r-devel-linux-x86_64-debian-gcc, r-devel-linux-x86_64-fedora-clang, r-devel-linux-x86_64-fedora-gcc, r-devel-windows-x86_64, r-patched-linux-x86_64, r-release-linux-x86_64, r-release-macos-arm64, r-release-macos-x86_64, r-release-windows-x86_64, r-oldrel-macos-arm64, r-oldrel-macos-x86_64, r-oldrel-windows-x86_64
Version: 0.2.5
Check: installed package size
Result: NOTE
installed size is 13.0Mb
sub-directories of 1Mb or more:
doc 1.2Mb
libs 11.5Mb
Flavors: r-release-macos-arm64, r-release-macos-x86_64, r-oldrel-macos-arm64, r-oldrel-macos-x86_64