CRAN Package Check Results for Package spate

Last updated on 2025-07-04 12:49:13 CEST.

Flavor Version Tinstall Tcheck Ttotal Status Flags
r-devel-linux-x86_64-debian-clang 1.7.5 7.30 60.70 68.00 NOTE
r-devel-linux-x86_64-debian-gcc 1.7.5 5.09 44.11 49.20 NOTE
r-devel-linux-x86_64-fedora-clang 1.7.5 111.52 OK
r-devel-linux-x86_64-fedora-gcc 1.7.5 121.90 OK
r-devel-windows-x86_64 1.7.5 16.00 99.00 115.00 OK
r-patched-linux-x86_64 1.7.5 7.54 56.81 64.35 OK
r-release-linux-x86_64 1.7.5 6.01 56.44 62.45 OK
r-release-macos-arm64 1.7.5 44.00 OK
r-release-macos-x86_64 1.7.5 89.00 OK
r-release-windows-x86_64 1.7.5 16.00 101.00 117.00 OK
r-oldrel-macos-arm64 1.7.5 40.00 OK
r-oldrel-macos-x86_64 1.7.5 78.00 OK
r-oldrel-windows-x86_64 1.7.5 17.00 113.00 130.00 OK

Check Details

Version: 1.7.5
Check: CRAN incoming feasibility
Result: NOTE Maintainer: ‘Fabio Sigrist <fabiosigrist@gmail.com>’ No Authors@R field in DESCRIPTION. Please add one, modifying Authors@R: c(person(given = "Fabio", family = "Sigrist", role = c("aut", "cre"), email = "fabiosigrist@gmail.com"), person(given = c("Hans", "R."), family = "Kuensch", role = "aut"), person(given = c("Werner", "A."), family = "Stahel", role = "aut")) as necessary. Flavors: r-devel-linux-x86_64-debian-clang, r-devel-linux-x86_64-debian-gcc