CRAN Package Check Results for Package sparsepca

Last updated on 2022-08-13 11:50:20 CEST.

Flavor Version Tinstall Tcheck Ttotal Status Flags
r-devel-linux-x86_64-debian-clang 0.1.2 7.60 65.31 72.91 NOTE
r-devel-linux-x86_64-debian-gcc 0.1.2 5.84 50.22 56.06 NOTE
r-devel-linux-x86_64-fedora-clang 0.1.2 94.79 NOTE
r-devel-linux-x86_64-fedora-gcc 0.1.2 96.52 NOTE
r-devel-windows-x86_64 0.1.2 14.00 84.00 98.00 NOTE
r-patched-linux-x86_64 0.1.2 5.71 61.78 67.49 NOTE
r-release-linux-x86_64 0.1.2 8.30 62.11 70.41 NOTE
r-release-macos-arm64 0.1.2 33.00 NOTE
r-release-macos-x86_64 0.1.2 41.00 NOTE
r-release-windows-x86_64 0.1.2 11.00 88.00 99.00 NOTE
r-oldrel-macos-arm64 0.1.2 34.00 NOTE
r-oldrel-macos-x86_64 0.1.2 55.00 NOTE
r-oldrel-windows-ix86+x86_64 0.1.2 16.00 85.00 101.00 NOTE

Check Details

Version: 0.1.2
Check: LazyData
Result: NOTE
     'LazyData' is specified without a 'data' directory
Flavors: r-devel-linux-x86_64-debian-clang, r-devel-linux-x86_64-debian-gcc, r-devel-linux-x86_64-fedora-clang, r-devel-linux-x86_64-fedora-gcc, r-devel-windows-x86_64, r-patched-linux-x86_64, r-release-linux-x86_64, r-release-macos-arm64, r-release-macos-x86_64, r-release-windows-x86_64, r-oldrel-macos-arm64, r-oldrel-macos-x86_64, r-oldrel-windows-ix86+x86_64