Last updated on 2024-04-19 11:57:02 CEST.
Flavor | Version | Tinstall | Tcheck | Ttotal | Status | Flags |
---|---|---|---|---|---|---|
r-devel-linux-x86_64-debian-clang | 1.0.2 | 22.08 | 346.77 | 368.85 | OK | |
r-devel-linux-x86_64-debian-gcc | 1.0.2 | OK | ||||
r-devel-linux-x86_64-fedora-clang | 1.0.2 | 422.39 | NOTE | |||
r-devel-linux-x86_64-fedora-gcc | 1.0.2 | 445.92 | OK | |||
r-prerel-macos-arm64 | 1.0.2 | 101.00 | OK | |||
r-prerel-windows-x86_64 | 1.0.2 | 27.00 | 224.00 | 251.00 | OK | |
r-patched-linux-x86_64 | 1.0.2 | 22.48 | 315.41 | 337.89 | OK | |
r-release-linux-x86_64 | 1.0.2 | 15.38 | 329.21 | 344.59 | OK | |
r-release-macos-arm64 | 1.0.2 | 121.00 | OK | |||
r-release-macos-x86_64 | 1.0.2 | 252.00 | OK | |||
r-release-windows-x86_64 | 1.0.2 | 30.00 | 306.00 | 336.00 | OK | |
r-oldrel-macos-arm64 | 1.0.2 | 154.00 | OK | |||
r-oldrel-windows-x86_64 | 1.0.2 | 28.00 | 326.00 | 354.00 | OK |
Version: 1.0.2
Check: installed package size
Result: NOTE
installed size is 5.8Mb
sub-directories of 1Mb or more:
libs 4.9Mb
Flavor: r-devel-linux-x86_64-fedora-clang