CRAN Package Check Results for Package sparseLRMatrix

Last updated on 2022-07-02 12:53:15 CEST.

Flavor Version Tinstall Tcheck Ttotal Status Flags
r-devel-linux-x86_64-debian-clang 0.1.0 8.70 70.96 79.66 NOTE
r-devel-linux-x86_64-debian-gcc 0.1.0 5.97 54.70 60.67 NOTE
r-devel-linux-x86_64-fedora-clang 0.1.0 104.26 NOTE
r-devel-linux-x86_64-fedora-gcc 0.1.0 103.41 NOTE
r-devel-windows-x86_64 0.1.0 19.00 90.00 109.00 NOTE
r-patched-linux-x86_64 0.1.0 5.45 67.70 73.15 NOTE
r-release-linux-x86_64 0.1.0 7.69 70.28 77.97 NOTE
r-release-macos-arm64 0.1.0 29.00 NOTE
r-release-macos-x86_64 0.1.0 43.00 NOTE
r-release-windows-x86_64 0.1.0 11.00 93.00 104.00 NOTE
r-oldrel-macos-arm64 0.1.0 34.00 NOTE
r-oldrel-macos-x86_64 0.1.0 56.00 NOTE
r-oldrel-windows-ix86+x86_64 0.1.0 17.00 84.00 101.00 NOTE

Check Details

Version: 0.1.0
Check: LazyData
Result: NOTE
     'LazyData' is specified without a 'data' directory
Flavors: r-devel-linux-x86_64-debian-clang, r-devel-linux-x86_64-debian-gcc, r-devel-linux-x86_64-fedora-clang, r-devel-linux-x86_64-fedora-gcc, r-devel-windows-x86_64, r-patched-linux-x86_64, r-release-linux-x86_64, r-release-macos-arm64, r-release-macos-x86_64, r-release-windows-x86_64, r-oldrel-macos-arm64, r-oldrel-macos-x86_64, r-oldrel-windows-ix86+x86_64