Last updated on 2023-10-01 12:00:50 CEST.
Flavor | Version | Tinstall | Tcheck | Ttotal | Status | Flags |
---|---|---|---|---|---|---|
r-devel-linux-x86_64-debian-clang | 1.0 | 110.88 | 364.69 | 475.57 | OK | |
r-devel-linux-x86_64-debian-gcc | 1.0 | 74.93 | 306.90 | 381.83 | OK | |
r-devel-linux-x86_64-fedora-clang | 1.0 | 631.58 | OK | |||
r-devel-linux-x86_64-fedora-gcc | 1.0 | 631.41 | OK | |||
r-devel-windows-x86_64 | 1.0 | 82.00 | 384.00 | 466.00 | OK | |
r-patched-linux-x86_64 | 1.0 | 101.43 | 350.41 | 451.84 | OK | |
r-release-linux-x86_64 | 1.0 | 109.51 | 348.82 | 458.33 | OK | |
r-release-macos-arm64 | 1.0 | 217.00 | NOTE | |||
r-release-macos-x86_64 | 1.0 | 391.00 | NOTE | |||
r-release-windows-x86_64 | 1.0 | 109.00 | 502.00 | 611.00 | OK | |
r-oldrel-macos-arm64 | 1.0 | 145.00 | NOTE | |||
r-oldrel-macos-x86_64 | 1.0 | 281.00 | OK | |||
r-oldrel-windows-x86_64 | 1.0 | 101.00 | 491.00 | 592.00 | OK |
Version: 1.0
Check: installed package size
Result: NOTE
installed size is 5.2Mb
sub-directories of 1Mb or more:
libs 4.4Mb
Flavors: r-release-macos-arm64, r-release-macos-x86_64, r-oldrel-macos-arm64