Last updated on 2025-05-05 12:49:37 CEST.
Flavor | Version | Tinstall | Tcheck | Ttotal | Status | Flags |
---|---|---|---|---|---|---|
r-devel-linux-x86_64-debian-clang | 0.1.1 | 5.38 | 55.70 | 61.08 | OK | |
r-devel-linux-x86_64-debian-gcc | 0.1.1 | 4.18 | 39.04 | 43.22 | OK | |
r-devel-linux-x86_64-fedora-clang | 0.1.1 | 94.05 | OK | |||
r-devel-linux-x86_64-fedora-gcc | 0.1.1 | 85.47 | OK | |||
r-devel-windows-x86_64 | 0.1.1 | 7.00 | 67.00 | 74.00 | OK | |
r-patched-linux-x86_64 | 0.1.1 | 6.24 | 50.77 | 57.01 | OK | |
r-release-linux-x86_64 | 0.1.1 | 6.31 | 50.20 | 56.51 | OK | |
r-release-macos-arm64 | 0.1.1 | 30.00 | OK | |||
r-release-macos-x86_64 | 0.1.1 | 58.00 | OK | |||
r-release-windows-x86_64 | 0.1.1 | 7.00 | 67.00 | 74.00 | OK | |
r-oldrel-macos-arm64 | 0.1.1 | 28.00 | NOTE | |||
r-oldrel-macos-x86_64 | 0.1.1 | 43.00 | NOTE | |||
r-oldrel-windows-x86_64 | 0.1.1 | 10.00 | 77.00 | 87.00 | NOTE |
Version: 0.1.1
Check: LazyData
Result: NOTE
'LazyData' is specified without a 'data' directory
Flavors: r-oldrel-macos-arm64, r-oldrel-macos-x86_64, r-oldrel-windows-x86_64