Last updated on 2024-04-23 10:54:18 CEST.
Flavor | Version | Tinstall | Tcheck | Ttotal | Status | Flags |
---|---|---|---|---|---|---|
r-devel-linux-x86_64-debian-clang | 2.19.0 | 27.05 | 309.43 | 336.48 | OK | |
r-devel-linux-x86_64-debian-gcc | 2.19.0 | 19.31 | 233.48 | 252.79 | OK | |
r-devel-linux-x86_64-fedora-clang | 2.19.0 | 422.54 | NOTE | |||
r-devel-linux-x86_64-fedora-gcc | 2.19.0 | 422.52 | OK | |||
r-prerel-macos-arm64 | 2.19.0 | 121.00 | OK | |||
r-prerel-macos-x86_64 | 2.19.0 | 339.00 | OK | |||
r-prerel-windows-x86_64 | 2.19.0 | 27.00 | 281.00 | 308.00 | OK | |
r-patched-linux-x86_64 | 2.19.0 | 20.75 | 297.72 | 318.47 | OK | |
r-release-linux-x86_64 | 2.19.0 | 19.39 | 303.15 | 322.54 | OK | |
r-release-macos-arm64 | 2.19.0 | 134.00 | OK | |||
r-release-macos-x86_64 | 2.19.0 | 342.00 | OK | |||
r-release-windows-x86_64 | 2.19.0 | 34.00 | 331.00 | 365.00 | OK | |
r-oldrel-macos-arm64 | 2.19.0 | 129.00 | OK | |||
r-oldrel-windows-x86_64 | 2.19.0 | 32.00 | 298.00 | 330.00 | OK |
Version: 2.19.0
Check: installed package size
Result: NOTE
installed size is 5.9Mb
sub-directories of 1Mb or more:
doc 1.6Mb
libs 2.1Mb
Flavor: r-devel-linux-x86_64-fedora-clang