Last updated on 2022-06-24 11:52:20 CEST.
Flavor | Version | Tinstall | Tcheck | Ttotal | Status | Flags |
---|---|---|---|---|---|---|
r-devel-linux-x86_64-debian-clang | 0.6.0 | 1.65 | 65.21 | 66.86 | NOTE | |
r-devel-linux-x86_64-debian-gcc | 0.6.0 | 1.59 | 50.62 | 52.21 | NOTE | |
r-devel-linux-x86_64-fedora-clang | 0.6.0 | 97.77 | NOTE | |||
r-devel-linux-x86_64-fedora-gcc | 0.6.0 | 100.38 | NOTE | |||
r-devel-windows-x86_64 | 0.6.0 | 19.00 | 124.00 | 143.00 | NOTE | |
r-patched-linux-x86_64 | 0.6.0 | 2.31 | 65.51 | 67.82 | NOTE | |
r-release-linux-x86_64 | 0.6.0 | 2.38 | 66.14 | 68.52 | NOTE | |
r-release-macos-arm64 | 0.6.0 | 37.00 | NOTE | |||
r-release-macos-x86_64 | 0.6.0 | 58.00 | NOTE | |||
r-release-windows-x86_64 | 0.6.0 | 16.00 | 124.00 | 140.00 | NOTE | |
r-oldrel-macos-arm64 | 0.6.0 | 35.00 | NOTE | |||
r-oldrel-macos-x86_64 | 0.6.0 | 69.00 | NOTE | |||
r-oldrel-windows-ix86+x86_64 | 0.6.0 | 5.00 | 115.00 | 120.00 | NOTE |
Version: 0.6.0
Check: LazyData
Result: NOTE
'LazyData' is specified without a 'data' directory
Flavors: r-devel-linux-x86_64-debian-clang, r-devel-linux-x86_64-debian-gcc, r-devel-linux-x86_64-fedora-clang, r-devel-linux-x86_64-fedora-gcc, r-devel-windows-x86_64, r-patched-linux-x86_64, r-release-linux-x86_64, r-release-macos-arm64, r-release-macos-x86_64, r-release-windows-x86_64, r-oldrel-macos-arm64, r-oldrel-macos-x86_64, r-oldrel-windows-ix86+x86_64
Version: 0.6.0
Check: package dependencies
Result: NOTE
Package suggested but not available for checking: ‘earlywarnings’
Flavors: r-devel-linux-x86_64-debian-gcc, r-devel-linux-x86_64-fedora-clang, r-patched-linux-x86_64, r-release-linux-x86_64
Version: 0.6.0
Check: Rd cross-references
Result: NOTE
Unknown package ‘earlywarnings’ in Rd xrefs
Flavors: r-devel-linux-x86_64-debian-gcc, r-devel-linux-x86_64-fedora-clang, r-patched-linux-x86_64, r-release-linux-x86_64
Version: 0.6.0
Check: dependencies in R code
Result: NOTE
Namespace in Imports field not imported from: ‘utils’
All declared Imports should be used.
Flavors: r-devel-linux-x86_64-fedora-clang, r-devel-linux-x86_64-fedora-gcc, r-release-macos-arm64, r-release-macos-x86_64, r-oldrel-macos-arm64, r-oldrel-macos-x86_64