Last updated on 2023-11-28 13:51:10 CET.
Flavor | Version | Tinstall | Tcheck | Ttotal | Status | Flags |
---|---|---|---|---|---|---|
r-devel-linux-x86_64-debian-clang | 1.2.1 | 8.58 | 96.77 | 105.35 | NOTE | |
r-devel-linux-x86_64-debian-gcc | 1.2.1 | 8.29 | 70.12 | 78.41 | NOTE | |
r-devel-linux-x86_64-fedora-clang | 1.2.1 | 132.14 | NOTE | |||
r-devel-linux-x86_64-fedora-gcc | 1.2.1 | 138.58 | NOTE | |||
r-devel-windows-x86_64 | 1.2.1 | 10.00 | 93.00 | 103.00 | OK | |
r-patched-linux-x86_64 | 1.2.1 | 10.33 | 90.70 | 101.03 | OK | |
r-release-linux-x86_64 | 1.2.1 | 8.97 | 91.68 | 100.65 | OK | |
r-release-macos-arm64 | 1.2.1 | 46.00 | OK | |||
r-release-macos-x86_64 | 1.2.1 | 76.00 | OK | |||
r-release-windows-x86_64 | 1.2.1 | 13.00 | 105.00 | 118.00 | OK | |
r-oldrel-macos-arm64 | 1.2.1 | 34.00 | NOTE | |||
r-oldrel-macos-x86_64 | 1.2.1 | 52.00 | NOTE | |||
r-oldrel-windows-x86_64 | 1.2.1 | 13.00 | 98.00 | 111.00 | OK |
Version: 1.2.1
Check: Rd files
Result: NOTE
checkRd: (-1) entity_extract.Rd:27: Lost braces in \itemize; \value handles \item{}{} directly
checkRd: (-1) entity_extract.Rd:28: Lost braces in \itemize; \value handles \item{}{} directly
checkRd: (-1) entity_extract.Rd:29: Lost braces in \itemize; \value handles \item{}{} directly
checkRd: (-1) entity_extract.Rd:30-31: Lost braces in \itemize; \value handles \item{}{} directly
checkRd: (-1) nounphrase_extract.Rd:22: Lost braces in \itemize; \value handles \item{}{} directly
checkRd: (-1) nounphrase_extract.Rd:23-24: Lost braces in \itemize; \value handles \item{}{} directly
checkRd: (-1) nounphrase_extract.Rd:25: Lost braces in \itemize; \value handles \item{}{} directly
checkRd: (-1) nounphrase_extract.Rd:26: Lost braces in \itemize; \value handles \item{}{} directly
Flavors: r-devel-linux-x86_64-debian-clang, r-devel-linux-x86_64-debian-gcc
Version: 1.2.1
Check: data for non-ASCII characters
Result: NOTE
Note: found 1 marked UTF-8 string
Flavors: r-devel-linux-x86_64-fedora-clang, r-devel-linux-x86_64-fedora-gcc, r-oldrel-macos-arm64, r-oldrel-macos-x86_64