Last updated on 2024-03-28 09:51:58 CET.
Flavor | Version | Tinstall | Tcheck | Ttotal | Status | Flags |
---|---|---|---|---|---|---|
r-devel-linux-x86_64-debian-clang | 0.1.0 | 3.83 | 34.47 | 38.30 | OK | |
r-devel-linux-x86_64-debian-gcc | 0.1.0 | 3.15 | 27.46 | 30.61 | OK | |
r-devel-linux-x86_64-fedora-clang | 0.1.0 | 48.81 | NOTE | |||
r-devel-linux-x86_64-fedora-gcc | 0.1.0 | 47.27 | NOTE | |||
r-devel-windows-x86_64 | 0.1.0 | 6.00 | 49.00 | 55.00 | OK | |
r-patched-linux-x86_64 | 0.1.0 | 2.84 | 33.97 | 36.81 | OK | |
r-release-linux-x86_64 | 0.1.0 | 2.61 | 33.37 | 35.98 | OK | |
r-release-macos-arm64 | 0.1.0 | 22.00 | OK | |||
r-release-macos-x86_64 | 0.1.0 | 31.00 | OK | |||
r-release-windows-x86_64 | 0.1.0 | 6.00 | 51.00 | 57.00 | OK | |
r-oldrel-macos-arm64 | 0.1.0 | 21.00 | NOTE | |||
r-oldrel-windows-x86_64 | 0.1.0 | 7.00 | 56.00 | 63.00 | OK |
Version: 0.1.0
Check: data for non-ASCII characters
Result: NOTE
Note: found 199 marked UTF-8 strings
Flavors: r-devel-linux-x86_64-fedora-clang, r-devel-linux-x86_64-fedora-gcc, r-oldrel-macos-arm64