Last updated on 2022-07-01 11:52:12 CEST.
Flavor | Version | Tinstall | Tcheck | Ttotal | Status | Flags |
---|---|---|---|---|---|---|
r-devel-linux-x86_64-debian-clang | 0.2.2 | 101.54 | 322.61 | 424.15 | OK | |
r-devel-linux-x86_64-debian-gcc | 0.2.2 | 84.74 | 238.89 | 323.63 | OK | |
r-devel-linux-x86_64-fedora-clang | 0.2.2 | 528.83 | NOTE | |||
r-devel-linux-x86_64-fedora-gcc | 0.2.2 | 527.52 | OK | |||
r-devel-windows-x86_64 | 0.2.2 | 85.00 | 336.00 | 421.00 | OK | |
r-patched-linux-x86_64 | 0.2.2 | 107.10 | 312.90 | 420.00 | OK | |
r-release-linux-x86_64 | 0.2.2 | 90.54 | 315.37 | 405.91 | OK | |
r-release-macos-arm64 | 0.2.2 | 113.00 | NOTE | |||
r-release-macos-x86_64 | 0.2.2 | 162.00 | NOTE | |||
r-release-windows-x86_64 | 0.2.2 | 80.00 | 349.00 | 429.00 | OK | |
r-oldrel-macos-arm64 | 0.2.2 | 93.00 | NOTE | |||
r-oldrel-macos-x86_64 | 0.2.2 | 143.00 | NOTE | |||
r-oldrel-windows-ix86+x86_64 | 0.2.2 | 226.00 | 437.00 | 663.00 | OK |
Version: 0.2.2
Check: installed package size
Result: NOTE
installed size is 20.8Mb
sub-directories of 1Mb or more:
libs 20.4Mb
Flavors: r-devel-linux-x86_64-fedora-clang, r-release-macos-arm64, r-release-macos-x86_64, r-oldrel-macos-arm64, r-oldrel-macos-x86_64