Last updated on 2022-06-30 11:53:20 CEST.
Flavor | Version | Tinstall | Tcheck | Ttotal | Status | Flags |
---|---|---|---|---|---|---|
r-devel-linux-x86_64-debian-clang | 1.0 | 12.30 | 144.49 | 156.79 | OK | |
r-devel-linux-x86_64-debian-gcc | 1.0 | 12.47 | 107.87 | 120.34 | OK | |
r-devel-linux-x86_64-fedora-clang | 1.0 | 197.48 | NOTE | |||
r-devel-linux-x86_64-fedora-gcc | 1.0 | 195.28 | NOTE | |||
r-devel-windows-x86_64 | 1.0 | 26.00 | 158.00 | 184.00 | NOTE | |
r-patched-linux-x86_64 | 1.0 | 12.04 | 135.47 | 147.51 | OK | |
r-release-linux-x86_64 | 1.0 | 9.83 | 135.49 | 145.32 | OK | |
r-release-macos-arm64 | 1.0 | 52.00 | NOTE | |||
r-release-macos-x86_64 | 1.0 | 94.00 | NOTE | |||
r-release-windows-x86_64 | 1.0 | 27.00 | 166.00 | 193.00 | NOTE | |
r-oldrel-macos-arm64 | 1.0 | 58.00 | NOTE | |||
r-oldrel-macos-x86_64 | 1.0 | 101.00 | NOTE | |||
r-oldrel-windows-ix86+x86_64 | 1.0 | 33.00 | 157.00 | 190.00 | NOTE |
Version: 1.0
Check: installed package size
Result: NOTE
installed size is 5.9Mb
sub-directories of 1Mb or more:
data 4.3Mb
help 1.6Mb
Flavors: r-devel-linux-x86_64-fedora-clang, r-devel-windows-x86_64, r-release-macos-arm64, r-release-macos-x86_64, r-release-windows-x86_64, r-oldrel-macos-arm64, r-oldrel-macos-x86_64, r-oldrel-windows-ix86+x86_64
Version: 1.0
Check: data for non-ASCII characters
Result: NOTE
Note: found 34 marked UTF-8 strings
Flavors: r-devel-linux-x86_64-fedora-clang, r-devel-linux-x86_64-fedora-gcc, r-release-macos-arm64, r-release-macos-x86_64, r-oldrel-macos-arm64, r-oldrel-macos-x86_64