Last updated on 2025-04-14 11:50:19 CEST.
Flavor | Version | Tinstall | Tcheck | Ttotal | Status | Flags |
---|---|---|---|---|---|---|
r-devel-linux-x86_64-debian-clang | 2.3.4 | 4.18 | 39.93 | 44.11 | OK | |
r-devel-linux-x86_64-debian-gcc | 2.3.4 | 2.57 | 30.61 | 33.18 | OK | |
r-devel-linux-x86_64-fedora-clang | 2.3.4 | 73.14 | OK | |||
r-devel-linux-x86_64-fedora-gcc | 2.3.4 | 72.84 | OK | |||
r-devel-windows-x86_64 | 2.3.4 | 6.00 | 79.00 | 85.00 | OK | |
r-patched-linux-x86_64 | 2.3.4 | 4.46 | 39.43 | 43.89 | OK | |
r-release-linux-x86_64 | 2.3.4 | 4.49 | 40.38 | 44.87 | OK | |
r-release-macos-arm64 | 2.3.4 | 30.00 | OK | |||
r-release-macos-x86_64 | 2.3.4 | 48.00 | OK | |||
r-release-windows-x86_64 | 2.3.4 | 8.00 | 85.00 | 93.00 | NOTE | |
r-oldrel-macos-arm64 | 2.3.4 | 34.00 | NOTE | |||
r-oldrel-macos-x86_64 | 2.3.4 | 77.00 | NOTE | |||
r-oldrel-windows-x86_64 | 2.3.4 | 8.00 | 85.00 | 93.00 | NOTE |
Version: 2.3.4
Check: package dependencies
Result: NOTE
Package suggested but not available for checking: 'spDataLarge'
Flavors: r-release-windows-x86_64, r-oldrel-macos-arm64, r-oldrel-macos-x86_64, r-oldrel-windows-x86_64
Version: 2.3.4
Check: installed package size
Result: NOTE
installed size is 6.4Mb
sub-directories of 1Mb or more:
data 2.5Mb
shapes 3.2Mb
Flavors: r-release-windows-x86_64, r-oldrel-macos-arm64, r-oldrel-macos-x86_64, r-oldrel-windows-x86_64