CRAN Package Check Results for Package soundClass

Last updated on 2024-02-25 10:54:38 CET.

Flavor Version Tinstall Tcheck Ttotal Status Flags
r-devel-linux-x86_64-debian-clang 0.0.9.2 9.12 64.80 73.92 OK
r-devel-linux-x86_64-debian-gcc 0.0.9.2 6.77 49.07 55.84 OK
r-devel-linux-x86_64-fedora-clang 0.0.9.2 90.18 NOTE
r-devel-linux-x86_64-fedora-gcc 0.0.9.2 97.10 NOTE
r-devel-windows-x86_64 0.0.9.2 8.00 66.00 74.00 OK
r-patched-linux-x86_64 0.0.9.2 6.19 60.94 67.13 OK
r-release-linux-x86_64 0.0.9.2 5.21 61.62 66.83 OK
r-release-macos-arm64 0.0.9.2 35.00 OK
r-release-macos-x86_64 0.0.9.2 51.00 OK
r-release-windows-x86_64 0.0.9.2 10.00 76.00 86.00 OK
r-oldrel-macos-arm64 0.0.9.2 27.00 NOTE
r-oldrel-windows-x86_64 0.0.9.2 10.00 80.00 90.00 OK

Check Details

Version: 0.0.9.2
Check: dependencies in R code
Result: NOTE Namespaces in Imports field not imported from: ‘RSQLite’ ‘dbplyr’ All declared Imports should be used. Flavors: r-devel-linux-x86_64-fedora-clang, r-devel-linux-x86_64-fedora-gcc, r-oldrel-macos-arm64