Last updated on 2024-03-27 10:09:41 CET.
Flavor | Version | Tinstall | Tcheck | Ttotal | Status | Flags |
---|---|---|---|---|---|---|
r-devel-linux-x86_64-debian-clang | 2.1-7 | 3.12 | 117.89 | 121.01 | NOTE | |
r-devel-linux-x86_64-debian-gcc | 2.1-7 | 2.91 | 91.28 | 94.19 | NOTE | |
r-devel-linux-x86_64-fedora-clang | 2.1-7 | 121.88 | NOTE | |||
r-devel-linux-x86_64-fedora-gcc | 2.1-7 | 245.47 | NOTE | |||
r-devel-windows-x86_64 | 2.1-7 | 4.00 | 148.00 | 152.00 | NOTE | |
r-patched-linux-x86_64 | 2.1-7 | 4.88 | 114.37 | 119.25 | OK | |
r-release-linux-x86_64 | 2.1-7 | 3.09 | 110.61 | 113.70 | OK | |
r-release-macos-arm64 | 2.1-7 | 1747.00 | OK | |||
r-release-macos-x86_64 | 2.1-7 | 302.00 | OK | |||
r-release-windows-x86_64 | 2.1-7 | 6.00 | 156.00 | 162.00 | OK | |
r-oldrel-macos-arm64 | 2.1-7 | 119.00 | OK | |||
r-oldrel-windows-x86_64 | 2.1-7 | 5.00 | 172.00 | 177.00 | OK |
Version: 2.1-7
Check: Rd files
Result: NOTE
checkRd: (-1) findFn.Rd:101-102: Lost braces in \itemize; \value handles \item{}{} directly
checkRd: (-1) findFn.Rd:103-109: Lost braces in \itemize; \value handles \item{}{} directly
checkRd: (-1) findFn.Rd:110-116: Lost braces in \itemize; \value handles \item{}{} directly
checkRd: (-1) findFn.Rd:117-120: Lost braces in \itemize; \value handles \item{}{} directly
checkRd: (-1) findFn.Rd:121-124: Lost braces in \itemize; \value handles \item{}{} directly
checkRd: (-1) findFn.Rd:125: Lost braces in \itemize; \value handles \item{}{} directly
checkRd: (-1) findFn.Rd:126-130: Lost braces in \itemize; \value handles \item{}{} directly
checkRd: (-1) findFn.Rd:131-133: Lost braces in \itemize; \value handles \item{}{} directly
checkRd: (-1) findFn.Rd:134-137: Lost braces in \itemize; \value handles \item{}{} directly
checkRd: (-1) findFn.Rd:144-150: Lost braces in \itemize; \value handles \item{}{} directly
checkRd: (-1) findFn.Rd:151-157: Lost braces in \itemize; \value handles \item{}{} directly
checkRd: (-1) findFn.Rd:158-161: Lost braces in \itemize; \value handles \item{}{} directly
checkRd: (-1) findFn.Rd:162: Lost braces in \itemize; \value handles \item{}{} directly
Flavors: r-devel-linux-x86_64-debian-clang, r-devel-linux-x86_64-debian-gcc, r-devel-linux-x86_64-fedora-clang, r-devel-linux-x86_64-fedora-gcc, r-devel-windows-x86_64