Last updated on 2022-06-27 11:50:55 CEST.
Flavor | Version | Tinstall | Tcheck | Ttotal | Status | Flags |
---|---|---|---|---|---|---|
r-devel-linux-x86_64-debian-clang | 0.0.4 | 11.49 | 105.74 | 117.23 | OK | |
r-devel-linux-x86_64-debian-gcc | 0.0.4 | 8.13 | 76.14 | 84.27 | OK | |
r-devel-linux-x86_64-fedora-clang | 0.0.4 | 146.47 | NOTE | |||
r-devel-linux-x86_64-fedora-gcc | 0.0.4 | 142.98 | NOTE | |||
r-devel-windows-x86_64 | 0.0.4 | 211.00 | 142.00 | 353.00 | OK | |
r-patched-linux-x86_64 | 0.0.4 | 11.13 | 97.76 | 108.89 | OK | |
r-release-linux-x86_64 | 0.0.4 | 10.25 | 97.95 | 108.20 | OK | |
r-release-macos-arm64 | 0.0.4 | 38.00 | NOTE | |||
r-release-macos-x86_64 | 0.0.4 | 73.00 | NOTE | |||
r-release-windows-x86_64 | 0.0.4 | 202.00 | 132.00 | 334.00 | OK | |
r-oldrel-macos-arm64 | 0.0.4 | 43.00 | NOTE | |||
r-oldrel-macos-x86_64 | 0.0.4 | 79.00 | NOTE | |||
r-oldrel-windows-ix86+x86_64 | 0.0.4 | 26.00 | 120.00 | 146.00 | OK |
Version: 0.0.4
Check: dependencies in R code
Result: NOTE
Namespace in Imports field not imported from: ‘methods’
All declared Imports should be used.
Flavors: r-devel-linux-x86_64-fedora-clang, r-devel-linux-x86_64-fedora-gcc, r-release-macos-arm64, r-release-macos-x86_64, r-oldrel-macos-arm64, r-oldrel-macos-x86_64