Last updated on 2024-04-17 10:41:51 CEST.
Flavor | Version | Tinstall | Tcheck | Ttotal | Status | Flags |
---|---|---|---|---|---|---|
r-devel-linux-x86_64-debian-clang | 1.2.0 | 9.19 | 82.99 | 92.18 | NOTE | |
r-devel-linux-x86_64-debian-gcc | 1.2.0 | 7.56 | 60.52 | 68.08 | NOTE | |
r-devel-linux-x86_64-fedora-clang | 1.2.0 | 118.34 | NOTE | |||
r-devel-linux-x86_64-fedora-gcc | 1.2.0 | 126.53 | NOTE | |||
r-prerel-macos-arm64 | 1.2.0 | 46.00 | NOTE | |||
r-prerel-windows-x86_64 | 1.2.0 | 10.00 | 122.00 | 132.00 | NOTE | |
r-patched-linux-x86_64 | 1.2.0 | 9.54 | 77.68 | 87.22 | NOTE | |
r-release-linux-x86_64 | 1.2.0 | 9.46 | 79.13 | 88.59 | OK | |
r-release-macos-arm64 | 1.2.0 | 48.00 | OK | |||
r-release-macos-x86_64 | 1.2.0 | 69.00 | OK | |||
r-release-windows-x86_64 | 1.2.0 | 15.00 | 132.00 | 147.00 | OK | |
r-oldrel-macos-arm64 | 1.2.0 | 36.00 | OK | |||
r-oldrel-windows-x86_64 | 1.2.0 | 13.00 | 126.00 | 139.00 | OK |
Version: 1.2.0
Check: Rd files
Result: NOTE
checkRd: (-1) solr_mlt.Rd:70: Lost braces; missing escapes or markup?
70 | TermVector DEFAULT_FIELD_NAMES = new String[] {"contents"}
| ^
Flavors: r-devel-linux-x86_64-debian-clang, r-devel-linux-x86_64-debian-gcc, r-devel-linux-x86_64-fedora-clang, r-devel-linux-x86_64-fedora-gcc, r-prerel-macos-arm64, r-prerel-windows-x86_64, r-patched-linux-x86_64
Version: 1.2.0
Check: Rd cross-references
Result: NOTE
Undeclared package ‘XML’ in Rd xrefs
Flavor: r-devel-linux-x86_64-fedora-clang