Last updated on 2023-12-09 11:49:39 CET.
Flavor | Version | Tinstall | Tcheck | Ttotal | Status | Flags |
---|---|---|---|---|---|---|
r-devel-linux-x86_64-debian-clang | 1.2.0 | 9.20 | 82.42 | 91.62 | NOTE | |
r-devel-linux-x86_64-debian-gcc | 1.2.0 | 7.41 | 60.88 | 68.29 | NOTE | |
r-devel-linux-x86_64-fedora-clang | 1.2.0 | 114.58 | NOTE | |||
r-devel-linux-x86_64-fedora-gcc | 1.2.0 | 116.73 | OK | |||
r-devel-windows-x86_64 | 1.2.0 | 10.00 | 122.00 | 132.00 | OK | |
r-patched-linux-x86_64 | 1.2.0 | 10.57 | 78.40 | 88.97 | OK | |
r-release-linux-x86_64 | 1.2.0 | 8.99 | 75.65 | 84.64 | OK | |
r-release-macos-arm64 | 1.2.0 | 48.00 | OK | |||
r-release-macos-x86_64 | 1.2.0 | 69.00 | OK | |||
r-release-windows-x86_64 | 1.2.0 | 12.00 | 132.00 | 144.00 | OK | |
r-oldrel-macos-arm64 | 1.2.0 | 36.00 | OK | |||
r-oldrel-macos-x86_64 | 1.2.0 | 66.00 | OK | |||
r-oldrel-windows-x86_64 | 1.2.0 | 13.00 | 123.00 | 136.00 | OK |
Version: 1.2.0
Check: Rd files
Result: NOTE
checkRd: (-1) solr_mlt.Rd:70: Lost braces; missing escapes or markup?
70 | TermVector DEFAULT_FIELD_NAMES = new String[] {"contents"}
| ^
Flavors: r-devel-linux-x86_64-debian-clang, r-devel-linux-x86_64-debian-gcc
Version: 1.2.0
Check: Rd cross-references
Result: NOTE
Undeclared package ‘XML’ in Rd xrefs
Flavor: r-devel-linux-x86_64-fedora-clang