Last updated on 2022-06-30 11:53:20 CEST.
Flavor | Version | Tinstall | Tcheck | Ttotal | Status | Flags |
---|---|---|---|---|---|---|
r-devel-linux-x86_64-debian-clang | 1.1.3 | 4.23 | 33.84 | 38.07 | OK | |
r-devel-linux-x86_64-debian-gcc | 1.1.3 | 2.83 | 25.26 | 28.09 | OK | |
r-devel-linux-x86_64-fedora-clang | 1.1.3 | 53.89 | NOTE | |||
r-devel-linux-x86_64-fedora-gcc | 1.1.3 | 55.50 | NOTE | |||
r-devel-windows-x86_64 | 1.1.3 | 15.00 | 57.00 | 72.00 | OK | |
r-patched-linux-x86_64 | 1.1.3 | 3.70 | 31.70 | 35.40 | OK | |
r-release-linux-x86_64 | 1.1.3 | 3.82 | 32.42 | 36.24 | OK | |
r-release-macos-arm64 | 1.1.3 | 19.00 | NOTE | |||
r-release-macos-x86_64 | 1.1.3 | 24.00 | NOTE | |||
r-release-windows-x86_64 | 1.1.3 | 9.00 | 56.00 | 65.00 | OK | |
r-oldrel-macos-arm64 | 1.1.3 | 22.00 | NOTE | |||
r-oldrel-macos-x86_64 | 1.1.3 | 25.00 | NOTE | |||
r-oldrel-windows-ix86+x86_64 | 1.1.3 | 8.00 | 53.00 | 61.00 | OK |
Version: 1.1.3
Check: dependencies in R code
Result: NOTE
Namespaces in Imports field not imported from:
‘R6’ ‘lgr’
All declared Imports should be used.
Flavors: r-devel-linux-x86_64-fedora-clang, r-devel-linux-x86_64-fedora-gcc, r-release-macos-arm64, r-release-macos-x86_64, r-oldrel-macos-arm64, r-oldrel-macos-x86_64