CRAN Package Check Results for Package sokoban

Last updated on 2025-04-29 12:52:50 CEST.

Flavor Version Tinstall Tcheck Ttotal Status Flags
r-devel-linux-x86_64-debian-clang 0.1.0 1.78 18.25 20.03 NOTE
r-devel-linux-x86_64-debian-gcc 0.1.0 1.62 14.17 15.79 NOTE
r-devel-linux-x86_64-fedora-clang 0.1.0 31.45 OK
r-devel-linux-x86_64-fedora-gcc 0.1.0 29.44 OK
r-devel-windows-x86_64 0.1.0 3.00 36.00 39.00 OK
r-patched-linux-x86_64 0.1.0 2.05 17.40 19.45 OK
r-release-linux-x86_64 0.1.0 2.04 17.76 19.80 OK
r-release-macos-arm64 0.1.0 13.00 OK
r-release-macos-x86_64 0.1.0 21.00 OK
r-release-windows-x86_64 0.1.0 5.00 38.00 43.00 OK
r-oldrel-macos-arm64 0.1.0 13.00 NOTE
r-oldrel-macos-x86_64 0.1.0 19.00 NOTE
r-oldrel-windows-x86_64 0.1.0 3.00 35.00 38.00 NOTE

Check Details

Version: 0.1.0
Check: CRAN incoming feasibility
Result: NOTE Maintainer: ‘Zhaoliang He <1024299329@qq.com>’ No Authors@R field in DESCRIPTION. Please add one, modifying Authors@R: c(person(given = "Zhaoliang", family = "He", role = c("aut", "cre"), email = "1024299329@qq.com"), person(given = "Linsui", family = "Deng", role = "aut", email = "1175520015@qq.com"), person(given = "Kaiwen", family = "Tan", role = "aut", email = "913596401@qq.com")) as necessary. Flavors: r-devel-linux-x86_64-debian-clang, r-devel-linux-x86_64-debian-gcc

Version: 0.1.0
Check: LazyData
Result: NOTE 'LazyData' is specified without a 'data' directory Flavors: r-oldrel-macos-arm64, r-oldrel-macos-x86_64, r-oldrel-windows-x86_64