Last updated on 2025-05-12 13:50:28 CEST.
Flavor | Version | Tinstall | Tcheck | Ttotal | Status | Flags |
---|---|---|---|---|---|---|
r-devel-linux-x86_64-debian-clang | 1.1.0 | 2.39 | 25.10 | 27.49 | OK | |
r-devel-linux-x86_64-debian-gcc | 1.1.0 | 1.87 | 20.01 | 21.88 | OK | |
r-devel-linux-x86_64-fedora-clang | 1.1.0 | 42.68 | NOTE | |||
r-devel-linux-x86_64-fedora-gcc | 1.1.0 | 39.97 | OK | |||
r-devel-windows-x86_64 | 1.1.0 | 4.00 | 52.00 | 56.00 | OK | |
r-patched-linux-x86_64 | 1.1.0 | 2.44 | 24.33 | 26.77 | OK | |
r-release-linux-x86_64 | 1.1.0 | 2.39 | 24.45 | 26.84 | OK | |
r-release-macos-arm64 | 1.1.0 | 21.00 | OK | |||
r-release-macos-x86_64 | 1.1.0 | 30.00 | OK | |||
r-release-windows-x86_64 | 1.1.0 | 3.00 | 54.00 | 57.00 | OK | |
r-oldrel-macos-arm64 | 1.1.0 | 20.00 | OK | |||
r-oldrel-macos-x86_64 | 1.1.0 | 44.00 | OK | |||
r-oldrel-windows-x86_64 | 1.1.0 | 4.00 | 56.00 | 60.00 | OK |
Version: 1.1.0
Check: tests
Result: NOTE
Running ‘tests.R’
Comparing ‘tests.Rout’ to ‘tests.Rout.save’ ...27c27
< * : checkEqualsNumeric(sens(r = ref.array, p = pred.array, groups = ref.groups), run in 0.153 sec ... OK kind msg
---
> kind msg
Flavor: r-devel-linux-x86_64-fedora-clang