Last updated on 2024-05-07 12:56:27 CEST.
Flavor | Version | Tinstall | Tcheck | Ttotal | Status | Flags |
---|---|---|---|---|---|---|
r-devel-linux-x86_64-debian-clang | 3.9.3 | 4.31 | 212.67 | 216.98 | OK | |
r-devel-linux-x86_64-debian-gcc | 3.9.3 | 3.23 | 153.63 | 156.86 | OK | |
r-devel-linux-x86_64-fedora-clang | 3.9.3 | 265.27 | NOTE | |||
r-devel-linux-x86_64-fedora-gcc | 3.9.3 | 309.35 | NOTE | |||
r-devel-windows-x86_64 | 3.9.3 | 5.00 | 294.00 | 299.00 | OK | |
r-patched-linux-x86_64 | 3.9.3 | 4.31 | 202.68 | 206.99 | OK | |
r-release-linux-x86_64 | 3.9.3 | 2.33 | 202.49 | 204.82 | OK | |
r-release-macos-arm64 | 3.9.3 | 166.00 | OK | |||
r-release-macos-x86_64 | 3.9.3 | 304.00 | OK | |||
r-release-windows-x86_64 | 3.9.3 | 5.00 | 327.00 | 332.00 | OK | |
r-oldrel-macos-arm64 | 3.9.3 | 188.00 | OK | |||
r-oldrel-macos-x86_64 | 3.9.3 | 259.00 | OK | |||
r-oldrel-windows-x86_64 | 3.9.3 | 6.00 | 327.00 | 333.00 | OK |
Version: 3.9.3
Check: dependencies in R code
Result: NOTE
Namespace in Imports field not imported from: ‘backports’
All declared Imports should be used.
Flavors: r-devel-linux-x86_64-fedora-clang, r-devel-linux-x86_64-fedora-gcc