CRAN Package Check Results for Package snowFT

Last updated on 2022-08-17 12:55:27 CEST.

Flavor Version Tinstall Tcheck Ttotal Status Flags
r-devel-linux-x86_64-debian-clang 1.6-0 2.56 18.55 21.11 OK
r-devel-linux-x86_64-debian-gcc 1.6-0 OK
r-devel-linux-x86_64-fedora-clang 1.6-0 58.42 OK
r-devel-linux-x86_64-fedora-gcc 1.6-0 55.05 OK
r-devel-windows-x86_64 1.6-0 14.00 67.00 81.00 OK
r-patched-linux-x86_64 1.6-0 2.62 19.28 21.90 OK
r-release-linux-x86_64 1.6-0 2.71 17.32 20.03 OK
r-release-macos-arm64 1.6-0 22.00 NOTE
r-release-macos-x86_64 1.6-0 38.00 NOTE
r-release-windows-x86_64 1.6-0 8.00 60.00 68.00 OK
r-oldrel-macos-arm64 1.6-0 27.00 NOTE
r-oldrel-macos-x86_64 1.6-0 59.00 NOTE
r-oldrel-windows-ix86+x86_64 1.6-0 4.00 43.00 47.00 OK

Check Details

Version: 1.6-0
Check: package dependencies
Result: NOTE
    Package suggested but not available for checking: ‘Rmpi’
Flavors: r-release-macos-arm64, r-release-macos-x86_64, r-oldrel-macos-arm64, r-oldrel-macos-x86_64