CRAN Package Check Results for Package snotelr

Last updated on 2022-06-28 12:52:37 CEST.

Flavor Version Tinstall Tcheck Ttotal Status Flags
r-devel-linux-x86_64-debian-clang 1.0.4 5.39 50.21 55.60 NOTE
r-devel-linux-x86_64-debian-gcc 1.0.4 4.32 39.35 43.67 NOTE
r-devel-linux-x86_64-fedora-clang 1.0.4 77.25 NOTE
r-devel-linux-x86_64-fedora-gcc 1.0.4 77.00 NOTE
r-devel-windows-x86_64 1.0.4 19.00 78.00 97.00 NOTE
r-patched-linux-x86_64 1.0.4 5.86 50.00 55.86 NOTE
r-release-linux-x86_64 1.0.4 5.06 49.41 54.47 NOTE
r-release-macos-arm64 1.0.4 24.00 NOTE
r-release-macos-x86_64 1.0.4 45.00 NOTE
r-release-windows-x86_64 1.0.4 18.00 81.00 99.00 NOTE
r-oldrel-macos-arm64 1.0.4 29.00 NOTE
r-oldrel-macos-x86_64 1.0.4 46.00 NOTE
r-oldrel-windows-ix86+x86_64 1.0.4 14.00 73.00 87.00 NOTE

Check Details

Version: 1.0.4
Check: LazyData
Result: NOTE
     'LazyData' is specified without a 'data' directory
Flavors: r-devel-linux-x86_64-debian-clang, r-devel-linux-x86_64-debian-gcc, r-devel-linux-x86_64-fedora-clang, r-devel-linux-x86_64-fedora-gcc, r-devel-windows-x86_64, r-patched-linux-x86_64, r-release-linux-x86_64, r-release-macos-arm64, r-release-macos-x86_64, r-release-windows-x86_64, r-oldrel-macos-arm64, r-oldrel-macos-x86_64, r-oldrel-windows-ix86+x86_64