Last updated on 2023-04-01 13:53:00 CEST.
Flavor | Version | Tinstall | Tcheck | Ttotal | Status | Flags |
---|---|---|---|---|---|---|
r-devel-linux-x86_64-debian-clang | 0.2.2 | 9.13 | 81.73 | 90.86 | OK | |
r-devel-linux-x86_64-debian-gcc | 0.2.2 | 6.53 | 59.55 | 66.08 | OK | |
r-devel-linux-x86_64-fedora-clang | 0.2.2 | 110.36 | OK | |||
r-devel-linux-x86_64-fedora-gcc | 0.2.2 | 109.68 | OK | |||
r-patched-linux-x86_64 | 0.2.2 | 8.65 | 77.57 | 86.22 | OK | |
r-release-linux-x86_64 | 0.2.2 | 5.59 | 79.49 | 85.08 | OK | |
r-release-macos-arm64 | 0.2.2 | 42.00 | OK | |||
r-release-macos-x86_64 | 0.2.2 | 48.00 | OK | |||
r-release-windows-x86_64 | 0.2.2 | 17.00 | 113.00 | 130.00 | OK | |
r-oldrel-macos-arm64 | 0.2.2 | 39.00 | OK | |||
r-oldrel-macos-x86_64 | 0.2.2 | 51.00 | OK | |||
r-oldrel-windows-ix86+x86_64 | 0.2.2 | 20.00 | 110.00 | 130.00 | ERROR |
Version: 0.2.2
Check: PDF version of manual
Result: WARN
LaTeX errors when creating PDF version.
This typically indicates Rd problems.
LaTeX errors found:
! Package inputenc Error: Unicode char รข<c2><80><c2><90> (U+2010)
(inputenc) not set up for use with LaTeX.
See the inputenc package documentation for explanation.
Type H <return> for immediate help.
Flavor: r-oldrel-windows-ix86+x86_64
Version: 0.2.2
Check: PDF version of manual without hyperrefs or index
Result: ERROR
Flavor: r-oldrel-windows-ix86+x86_64