Last updated on 2022-08-08 10:56:34 CEST.
Flavor | Version | Tinstall | Tcheck | Ttotal | Status | Flags |
---|---|---|---|---|---|---|
r-devel-linux-x86_64-debian-clang | 2.0.2 | 20.70 | 149.19 | 169.89 | NOTE | |
r-devel-linux-x86_64-debian-gcc | 2.0.2 | 16.12 | 108.26 | 124.38 | NOTE | |
r-devel-linux-x86_64-fedora-clang | 2.0.2 | 209.89 | NOTE | |||
r-devel-linux-x86_64-fedora-gcc | 2.0.2 | 206.29 | NOTE | |||
r-devel-windows-x86_64 | 2.0.2 | 49.00 | 155.00 | 204.00 | NOTE | |
r-patched-linux-x86_64 | 2.0.2 | 24.35 | 141.61 | 165.96 | OK | |
r-release-linux-x86_64 | 2.0.2 | OK | ||||
r-release-macos-arm64 | 2.0.2 | 52.00 | OK | |||
r-release-macos-x86_64 | 2.0.2 | 70.00 | OK | |||
r-release-windows-x86_64 | 2.0.2 | 44.00 | 166.00 | 210.00 | OK | |
r-oldrel-macos-arm64 | 2.0.2 | 49.00 | OK | |||
r-oldrel-macos-x86_64 | 2.0.2 | 70.00 | OK | |||
r-oldrel-windows-ix86+x86_64 | 2.0.2 | 36.00 | 169.00 | 205.00 | OK |
Version: 2.0.2
Check: Rd files
Result: NOTE
checkRd: (-1) selm.fit.Rd:212: Escaped LaTeX specials: \&
Flavors: r-devel-linux-x86_64-debian-clang, r-devel-linux-x86_64-debian-gcc, r-devel-linux-x86_64-fedora-clang, r-devel-linux-x86_64-fedora-gcc, r-devel-windows-x86_64