CRAN Package Check Results for Package smvgraph

Last updated on 2024-02-28 10:14:15 CET.

Flavor Version Tinstall Tcheck Ttotal Status Flags
r-devel-linux-x86_64-debian-clang 0.1.2 11.19 93.08 104.27 OK
r-devel-linux-x86_64-debian-gcc 0.1.2 9.75 68.66 78.41 OK
r-devel-linux-x86_64-fedora-clang 0.1.2 128.51 NOTE
r-devel-linux-x86_64-fedora-gcc 0.1.2 129.26 OK
r-devel-windows-x86_64 0.1.2 11.00 85.00 96.00 OK
r-patched-linux-x86_64 0.1.2 8.78 89.34 98.12 OK
r-release-linux-x86_64 0.1.2 6.99 90.65 97.64 OK
r-release-macos-arm64 0.1.2 40.00 OK
r-release-macos-x86_64 0.1.2 65.00 OK
r-release-windows-x86_64 0.1.2 14.00 99.00 113.00 OK
r-oldrel-macos-arm64 0.1.2 37.00 OK
r-oldrel-windows-x86_64 0.1.2 14.00 105.00 119.00 OK

Check Details

Version: 0.1.2
Check: Rd cross-references
Result: NOTE Undeclared package ‘andrews’ in Rd xrefs Flavor: r-devel-linux-x86_64-fedora-clang