CRAN Package Check Results for Package smvgraph

Last updated on 2022-07-01 11:52:11 CEST.

Flavor Version Tinstall Tcheck Ttotal Status Flags
r-devel-linux-x86_64-debian-clang 0.1.2 11.56 100.15 111.71 NOTE
r-devel-linux-x86_64-debian-gcc 0.1.2 9.57 74.10 83.67 NOTE
r-devel-linux-x86_64-fedora-clang 0.1.2 149.66 NOTE
r-devel-linux-x86_64-fedora-gcc 0.1.2 139.71 NOTE
r-devel-windows-x86_64 0.1.2 24.00 113.00 137.00 OK
r-patched-linux-x86_64 0.1.2 10.54 95.27 105.81 NOTE
r-release-linux-x86_64 0.1.2 9.05 94.11 103.16 NOTE
r-release-macos-arm64 0.1.2 37.00 OK
r-release-macos-x86_64 0.1.2 61.00 OK
r-release-windows-x86_64 0.1.2 18.00 112.00 130.00 OK
r-oldrel-macos-arm64 0.1.2 41.00 OK
r-oldrel-macos-x86_64 0.1.2 55.00 OK
r-oldrel-windows-ix86+x86_64 0.1.2 27.00 108.00 135.00 OK

Check Details

Version: 0.1.2
Check: Rd cross-references
Result: NOTE
    Unknown package 'andrews' in Rd xrefs
Flavors: r-devel-linux-x86_64-debian-clang, r-devel-linux-x86_64-debian-gcc, r-devel-linux-x86_64-fedora-gcc, r-patched-linux-x86_64, r-release-linux-x86_64

Version: 0.1.2
Check: Rd cross-references
Result: NOTE
    Undeclared package ‘andrews’ in Rd xrefs
    Unknown package ‘andrews’ in Rd xrefs
Flavor: r-devel-linux-x86_64-fedora-clang