Last updated on 2022-06-26 11:52:45 CEST.
Flavor | Version | Tinstall | Tcheck | Ttotal | Status | Flags |
---|---|---|---|---|---|---|
r-devel-linux-x86_64-debian-clang | 0.2.2 | 28.33 | 310.79 | 339.12 | OK | |
r-devel-linux-x86_64-debian-gcc | 0.2.2 | 22.59 | 222.98 | 245.57 | OK | |
r-devel-linux-x86_64-fedora-clang | 0.2.2 | 388.50 | NOTE | |||
r-devel-linux-x86_64-fedora-gcc | 0.2.2 | 399.98 | NOTE | |||
r-devel-windows-x86_64 | 0.2.2 | 34.00 | 299.00 | 333.00 | OK | |
r-patched-linux-x86_64 | 0.2.2 | 29.67 | 289.01 | 318.68 | OK | |
r-release-linux-x86_64 | 0.2.2 | 25.82 | 294.19 | 320.01 | OK | |
r-release-macos-arm64 | 0.2.2 | 80.00 | NOTE | |||
r-release-macos-x86_64 | 0.2.2 | 123.00 | NOTE | |||
r-release-windows-x86_64 | 0.2.2 | 36.00 | 289.00 | 325.00 | OK | |
r-oldrel-macos-arm64 | 0.2.2 | 50.00 | NOTE | |||
r-oldrel-macos-x86_64 | 0.2.2 | 61.00 | NOTE | |||
r-oldrel-windows-ix86+x86_64 | 0.2.2 | 60.00 | 297.00 | 357.00 | OK |
Version: 0.2.2
Check: dependencies in R code
Result: NOTE
Namespaces in Imports field not imported from:
‘methods’ ‘rgeos’
All declared Imports should be used.
Flavors: r-devel-linux-x86_64-fedora-clang, r-devel-linux-x86_64-fedora-gcc, r-release-macos-arm64, r-release-macos-x86_64, r-oldrel-macos-arm64, r-oldrel-macos-x86_64