Last updated on 2024-04-18 12:53:02 CEST.
Flavor | Version | Tinstall | Tcheck | Ttotal | Status | Flags |
---|---|---|---|---|---|---|
r-devel-linux-x86_64-debian-clang | 1.0-3 | 2.34 | 26.35 | 28.69 | NOTE | |
r-devel-linux-x86_64-debian-gcc | 1.0-3 | 2.16 | 19.59 | 21.75 | NOTE | |
r-devel-linux-x86_64-fedora-clang | 1.0-3 | 39.88 | NOTE | |||
r-devel-linux-x86_64-fedora-gcc | 1.0-3 | 34.45 | NOTE | |||
r-prerel-macos-arm64 | 1.0-3 | 16.00 | NOTE | |||
r-prerel-windows-x86_64 | 1.0-3 | 3.00 | 46.00 | 49.00 | NOTE | |
r-patched-linux-x86_64 | 1.0-3 | 2.73 | 25.56 | 28.29 | NOTE | |
r-release-linux-x86_64 | 1.0-3 | 2.84 | 24.14 | 26.98 | NOTE | |
r-release-macos-arm64 | 1.0-3 | 18.00 | NOTE | |||
r-release-macos-x86_64 | 1.0-3 | 21.00 | NOTE | |||
r-release-windows-x86_64 | 1.0-3 | 3.00 | 45.00 | 48.00 | NOTE | |
r-oldrel-macos-arm64 | 1.0-3 | 15.00 | OK | |||
r-oldrel-windows-x86_64 | 1.0-3 | 4.00 | 50.00 | 54.00 | OK |
Version: 1.0-3
Check: Rd files
Result: NOTE
checkRd: (-1) hoods2dsmooth.Rd:69: Escaped LaTeX specials: \&
checkRd: (-1) kernel2dmeitsjer.Rd:75: Escaped LaTeX specials: \&
checkRd: (-1) kernel2dsmooth.Rd:42: Escaped LaTeX specials: \&
checkRd: (-1) smoothie-package.Rd:42: Escaped LaTeX specials: \&
Flavors: r-devel-linux-x86_64-debian-clang, r-devel-linux-x86_64-debian-gcc, r-devel-linux-x86_64-fedora-clang, r-devel-linux-x86_64-fedora-gcc, r-prerel-macos-arm64, r-prerel-windows-x86_64, r-patched-linux-x86_64, r-release-linux-x86_64, r-release-macos-arm64, r-release-macos-x86_64, r-release-windows-x86_64