Last updated on 2024-03-28 09:51:57 CET.
Flavor | Version | Tinstall | Tcheck | Ttotal | Status | Flags |
---|---|---|---|---|---|---|
r-devel-linux-x86_64-debian-clang | 4.0.0 | 222.40 | 582.99 | 805.39 | NOTE | |
r-devel-linux-x86_64-debian-gcc | 4.0.0 | 195.81 | 408.07 | 603.88 | NOTE | |
r-devel-linux-x86_64-fedora-clang | 4.0.0 | 1010.98 | NOTE | |||
r-devel-linux-x86_64-fedora-gcc | 4.0.0 | 1056.20 | NOTE | |||
r-devel-windows-x86_64 | 4.0.0 | 170.00 | 205.00 | 375.00 | NOTE | --no-vignettes |
r-patched-linux-x86_64 | 4.0.0 | 165.70 | 547.45 | 713.15 | NOTE | |
r-release-linux-x86_64 | 4.0.0 | 160.57 | 526.17 | 686.74 | OK | |
r-release-macos-arm64 | 4.0.0 | 263.00 | NOTE | |||
r-release-macos-x86_64 | 4.0.0 | 579.00 | NOTE | |||
r-release-windows-x86_64 | 4.0.0 | 218.00 | 210.00 | 428.00 | NOTE | --no-vignettes |
r-oldrel-macos-arm64 | 4.0.0 | 242.00 | NOTE | |||
r-oldrel-windows-x86_64 | 4.0.0 | 215.00 | 204.00 | 419.00 | NOTE | --no-vignettes |
Version: 4.0.0
Check: Rd files
Result: NOTE
checkRd: (-1) cma.Rd:53: Lost braces; missing escapes or markup?
53 | phi_i = {0.5,1,1,...,0.5} / order
| ^
Flavors: r-devel-linux-x86_64-debian-clang, r-devel-linux-x86_64-debian-gcc, r-devel-linux-x86_64-fedora-clang, r-devel-linux-x86_64-fedora-gcc, r-patched-linux-x86_64
Version: 4.0.0
Check: installed package size
Result: NOTE
installed size is 5.9Mb
sub-directories of 1Mb or more:
R 1.2Mb
doc 3.3Mb
Flavors: r-devel-linux-x86_64-fedora-clang, r-release-macos-arm64, r-release-macos-x86_64, r-oldrel-macos-arm64
Version: 4.0.0
Flags: --no-vignettes
Check: package dependencies
Result: NOTE
Package suggested but not available for checking: 'doMC'
Flavors: r-devel-windows-x86_64, r-release-windows-x86_64, r-oldrel-windows-x86_64
Version: 4.0.0
Flags: --no-vignettes
Check: installed package size
Result: NOTE
installed size is 6.6Mb
sub-directories of 1Mb or more:
R 1.2Mb
doc 3.3Mb
libs 1.6Mb
Flavors: r-devel-windows-x86_64, r-release-windows-x86_64, r-oldrel-windows-x86_64
Version: 4.0.0
Flags: --no-vignettes
Check: Rd files
Result: NOTE
checkRd: (-1) cma.Rd:53: Lost braces; missing escapes or markup?
53 | phi_i = {0.5,1,1,...,0.5} / order
| ^
Flavor: r-devel-windows-x86_64