CRAN Package Check Results for Package smoof

Last updated on 2024-02-27 11:50:03 CET.

Flavor Version Tinstall Tcheck Ttotal Status Flags
r-devel-linux-x86_64-debian-clang 1.6.0.3 103.09 115.38 218.47 NOTE
r-devel-linux-x86_64-debian-gcc 1.6.0.3 82.13 83.92 166.05 NOTE
r-devel-linux-x86_64-fedora-clang 1.6.0.3 315.90 NOTE
r-devel-linux-x86_64-fedora-gcc 1.6.0.3 300.77 NOTE
r-devel-windows-x86_64 1.6.0.3 88.00 137.00 225.00 OK
r-patched-linux-x86_64 1.6.0.3 108.09 110.60 218.69 OK
r-release-linux-x86_64 1.6.0.3 105.48 110.30 215.78 OK
r-release-macos-arm64 1.6.0.3 74.00 OK
r-release-macos-x86_64 1.6.0.3 126.00 OK
r-release-windows-x86_64 1.6.0.3 112.00 167.00 279.00 OK
r-oldrel-macos-arm64 1.6.0.3 68.00 OK
r-oldrel-windows-x86_64 1.6.0.3 108.00 132.00 240.00 OK

Check Details

Version: 1.6.0.3
Check: Rd files
Result: NOTE checkRd: (-1) getGlobalOptimum.Rd:16: Lost braces in \itemize; \value handles \item{}{} directly checkRd: (-1) getGlobalOptimum.Rd:17: Lost braces in \itemize; \value handles \item{}{} directly checkRd: (-1) getGlobalOptimum.Rd:18: Lost braces in \itemize; \value handles \item{}{} directly checkRd: (-1) getLocalOptimum.Rd:16: Lost braces in \itemize; \value handles \item{}{} directly checkRd: (-1) getLocalOptimum.Rd:17: Lost braces in \itemize; \value handles \item{}{} directly checkRd: (-1) getLocalOptimum.Rd:18: Lost braces in \itemize; \value handles \item{}{} directly checkRd: (-1) smoof_function.Rd:10: Lost braces 10 | or code{smoof_multi_objective_function}. Both single- and multi-objective functions share the following attributes. | ^ Flavors: r-devel-linux-x86_64-debian-clang, r-devel-linux-x86_64-debian-gcc, r-devel-linux-x86_64-fedora-clang, r-devel-linux-x86_64-fedora-gcc