Last updated on 2023-02-02 11:54:16 CET.
Flavor | Version | Tinstall | Tcheck | Ttotal | Status | Flags |
---|---|---|---|---|---|---|
r-devel-linux-x86_64-debian-clang | 2.1.0 | 66.55 | 78.13 | 144.68 | NOTE | |
r-devel-linux-x86_64-debian-gcc | 2.1.0 | 53.11 | 56.68 | 109.79 | NOTE | |
r-devel-linux-x86_64-fedora-clang | 2.1.0 | 193.94 | NOTE | |||
r-devel-linux-x86_64-fedora-gcc | 2.1.0 | 182.49 | NOTE | |||
r-patched-linux-x86_64 | 2.1.0 | 48.10 | 70.65 | 118.75 | NOTE | |
r-release-linux-x86_64 | 2.1.0 | 42.09 | 75.55 | 117.64 | NOTE | |
r-release-macos-arm64 | 2.1.0 | 47.00 | NOTE | |||
r-release-macos-x86_64 | 2.1.0 | 77.00 | NOTE | |||
r-release-windows-x86_64 | 2.1.0 | 62.00 | 126.00 | 188.00 | NOTE | |
r-oldrel-macos-arm64 | 2.1.0 | 56.00 | NOTE | |||
r-oldrel-macos-x86_64 | 2.1.0 | 94.00 | NOTE | |||
r-oldrel-windows-ix86+x86_64 | 2.1.0 | 150.00 | 144.00 | 294.00 | NOTE |
Version: 2.1.0
Check: LazyData
Result: NOTE
'LazyData' is specified without a 'data' directory
Flavors: r-devel-linux-x86_64-debian-clang, r-devel-linux-x86_64-debian-gcc, r-devel-linux-x86_64-fedora-clang, r-devel-linux-x86_64-fedora-gcc, r-patched-linux-x86_64, r-release-linux-x86_64, r-release-macos-arm64, r-release-macos-x86_64, r-release-windows-x86_64, r-oldrel-macos-arm64, r-oldrel-macos-x86_64, r-oldrel-windows-ix86+x86_64
Version: 2.1.0
Check: dependencies in R code
Result: NOTE
Namespaces in Imports field not imported from:
‘Rdpack’ ‘rmarkdown’
All declared Imports should be used.
Flavors: r-devel-linux-x86_64-fedora-clang, r-devel-linux-x86_64-fedora-gcc, r-release-macos-arm64, r-release-macos-x86_64, r-oldrel-macos-arm64, r-oldrel-macos-x86_64
Version: 2.1.0
Check: installed package size
Result: NOTE
installed size is 5.4Mb
sub-directories of 1Mb or more:
libs 5.2Mb
Flavor: r-oldrel-macos-arm64