Last updated on 2025-05-09 10:49:40 CEST.
Flavor | Version | Tinstall | Tcheck | Ttotal | Status | Flags |
---|---|---|---|---|---|---|
r-devel-linux-x86_64-debian-clang | 1.0.5 | 40.54 | 128.00 | 168.54 | OK | |
r-devel-linux-x86_64-debian-gcc | 1.0.5 | 26.30 | 95.51 | 121.81 | OK | |
r-devel-linux-x86_64-fedora-clang | 1.0.5 | 283.42 | OK | |||
r-devel-linux-x86_64-fedora-gcc | 1.0.5 | 295.52 | OK | |||
r-devel-windows-x86_64 | 1.0.5 | 45.00 | 167.00 | 212.00 | OK | |
r-patched-linux-x86_64 | 1.0.5 | 39.82 | 123.65 | 163.47 | OK | |
r-release-linux-x86_64 | 1.0.5 | 38.93 | 123.65 | 162.58 | OK | |
r-release-macos-arm64 | 1.0.5 | 105.00 | OK | |||
r-release-macos-x86_64 | 1.0.5 | 169.00 | OK | |||
r-release-windows-x86_64 | 1.0.5 | 45.00 | 170.00 | 215.00 | OK | |
r-oldrel-macos-arm64 | 1.0.5 | 86.00 | NOTE | |||
r-oldrel-macos-x86_64 | 1.0.5 | 228.00 | NOTE | |||
r-oldrel-windows-x86_64 | 1.0.5 | 55.00 | 204.00 | 259.00 | NOTE |
Version: 1.0.5
Check: installed package size
Result: NOTE
installed size is 6.5Mb
sub-directories of 1Mb or more:
data 3.3Mb
libs 2.2Mb
Flavors: r-oldrel-macos-arm64, r-oldrel-macos-x86_64, r-oldrel-windows-x86_64