CRAN Package Check Results for Package smd

Last updated on 2022-06-28 12:52:37 CEST.

Flavor Version Tinstall Tcheck Ttotal Status Flags
r-devel-linux-x86_64-debian-clang 0.6.6 2.80 29.69 32.49 NOTE
r-devel-linux-x86_64-debian-gcc 0.6.6 2.26 23.29 25.55 NOTE
r-devel-linux-x86_64-fedora-clang 0.6.6 50.64 NOTE
r-devel-linux-x86_64-fedora-gcc 0.6.6 49.39 NOTE
r-devel-windows-x86_64 0.6.6 13.00 60.00 73.00 NOTE
r-patched-linux-x86_64 0.6.6 2.15 29.61 31.76 NOTE
r-release-linux-x86_64 0.6.6 1.83 29.44 31.27 NOTE
r-release-macos-arm64 0.6.6 20.00 NOTE
r-release-macos-x86_64 0.6.6 26.00 NOTE
r-release-windows-x86_64 0.6.6 14.00 60.00 74.00 NOTE
r-oldrel-macos-arm64 0.6.6 22.00 NOTE
r-oldrel-macos-x86_64 0.6.6 36.00 NOTE
r-oldrel-windows-ix86+x86_64 0.6.6 7.00 49.00 56.00 NOTE

Check Details

Version: 0.6.6
Check: LazyData
Result: NOTE
     'LazyData' is specified without a 'data' directory
Flavors: r-devel-linux-x86_64-debian-clang, r-devel-linux-x86_64-debian-gcc, r-devel-linux-x86_64-fedora-clang, r-devel-linux-x86_64-fedora-gcc, r-devel-windows-x86_64, r-patched-linux-x86_64, r-release-linux-x86_64, r-release-macos-arm64, r-release-macos-x86_64, r-release-windows-x86_64, r-oldrel-macos-arm64, r-oldrel-macos-x86_64, r-oldrel-windows-ix86+x86_64

Version: 0.6.6
Check: dependencies in R code
Result: NOTE
    Namespace in Imports field not imported from: ‘methods’
     All declared Imports should be used.
Flavors: r-devel-linux-x86_64-fedora-clang, r-devel-linux-x86_64-fedora-gcc, r-release-macos-arm64, r-release-macos-x86_64, r-oldrel-macos-arm64, r-oldrel-macos-x86_64