Last updated on 2024-04-20 11:50:33 CEST.
Flavor | Version | Tinstall | Tcheck | Ttotal | Status | Flags |
---|---|---|---|---|---|---|
r-devel-linux-x86_64-debian-clang | 1.1.0 | 33.63 | 67.76 | 101.39 | NOTE | |
r-devel-linux-x86_64-debian-gcc | 1.1.0 | 24.94 | 48.17 | 73.11 | NOTE | |
r-devel-linux-x86_64-fedora-clang | 1.1.0 | 135.75 | NOTE | |||
r-devel-linux-x86_64-fedora-gcc | 1.1.0 | 131.17 | NOTE | |||
r-prerel-macos-arm64 | 1.1.0 | 36.00 | NOTE | |||
r-prerel-windows-x86_64 | 1.1.0 | 33.00 | 84.00 | 117.00 | NOTE | |
r-patched-linux-x86_64 | 1.1.0 | 33.81 | 59.35 | 93.16 | NOTE | |
r-release-linux-x86_64 | 1.1.0 | 30.75 | 65.05 | 95.80 | NOTE | |
r-release-macos-arm64 | 1.1.0 | 40.00 | NOTE | |||
r-release-macos-x86_64 | 1.1.0 | 66.00 | NOTE | |||
r-release-windows-x86_64 | 1.1.0 | 42.00 | 102.00 | 144.00 | NOTE | |
r-oldrel-macos-arm64 | 1.1.0 | 40.00 | NOTE | |||
r-oldrel-windows-x86_64 | 1.1.0 | 41.00 | 109.00 | 150.00 | NOTE |
Version: 1.1.0
Check: Rd files
Result: NOTE
checkRd: (-1) read_packedancestrymap.Rd:15: Lost braces in \itemize; \value handles \item{}{} directly
checkRd: (-1) smart_mva.Rd:7-11: Lost braces
7 | \item{snp_data}{snp_data}{File name read from working directory.
| ^
checkRd: (-1) smart_mva.Rd:100-101: Lost braces in \itemize; \value handles \item{}{} directly
checkRd: (-1) smart_mva.Rd:102-103: Lost braces in \itemize; \value handles \item{}{} directly
checkRd: (-1) smart_mva.Rd:104-105: Lost braces in \itemize; \value handles \item{}{} directly
checkRd: (-1) smart_mva.Rd:106-109: Lost braces in \itemize; \value handles \item{}{} directly
checkRd: (-1) smart_mva.Rd:110: Lost braces in \itemize; \value handles \item{}{} directly
checkRd: (-1) smart_mva.Rd:111: Lost braces in \itemize; \value handles \item{}{} directly
checkRd: (-1) smart_mva.Rd:112: Lost braces in \itemize; \value handles \item{}{} directly
checkRd: (-1) smart_mva.Rd:113-114: Lost braces in \itemize; \value handles \item{}{} directly
checkRd: (-1) smart_mva.Rd:115: Lost braces in \itemize; \value handles \item{}{} directly
checkRd: (-1) smart_mva.Rd:116: Lost braces in \itemize; \value handles \item{}{} directly
checkRd: (-1) smart_mva.Rd:117: Lost braces in \itemize; \value handles \item{}{} directly
checkRd: (-1) smart_mva.Rd:118: Lost braces in \itemize; \value handles \item{}{} directly
checkRd: (-1) smart_mva.Rd:119: Lost braces in \itemize; \value handles \item{}{} directly
checkRd: (-1) smart_pca.Rd:62: Lost braces in \itemize; \value handles \item{}{} directly
checkRd: (-1) smart_pca.Rd:63: Lost braces in \itemize; \value handles \item{}{} directly
checkRd: (-1) smart_pca.Rd:64-67: Lost braces in \itemize; \value handles \item{}{} directly
checkRd: (-1) smart_permanova.Rd:71-73: Lost braces in \itemize; \value handles \item{}{} directly
checkRd: (-1) smart_permanova.Rd:74: Lost braces in \itemize; \value handles \item{}{} directly
checkRd: (-1) smart_permanova.Rd:75-76: Lost braces in \itemize; \value handles \item{}{} directly
checkRd: (-1) smart_permanova.Rd:77: Lost braces in \itemize; \value handles \item{}{} directly
checkRd: (-1) smart_permanova.Rd:78: Lost braces in \itemize; \value handles \item{}{} directly
checkRd: (-1) smart_permanova.Rd:79: Lost braces in \itemize; \value handles \item{}{} directly
checkRd: (-1) smart_permdisp.Rd:78-81: Lost braces in \itemize; \value handles \item{}{} directly
checkRd: (-1) smart_permdisp.Rd:82: Lost braces in \itemize; \value handles \item{}{} directly
checkRd: (-1) smart_permdisp.Rd:83: Lost braces in \itemize; \value handles \item{}{} directly
checkRd: (-1) smart_permdisp.Rd:84: Lost braces in \itemize; \value handles \item{}{} directly
checkRd: (-1) smart_permdisp.Rd:85-86: Lost braces in \itemize; \value handles \item{}{} directly
checkRd: (-1) smart_permdisp.Rd:87: Lost braces in \itemize; \value handles \item{}{} directly
checkRd: (-1) smart_permdisp.Rd:88: Lost braces in \itemize; \value handles \item{}{} directly
checkRd: (-1) smart_permdisp.Rd:89: Lost braces in \itemize; \value handles \item{}{} directly
Flavors: r-devel-linux-x86_64-debian-clang, r-devel-linux-x86_64-debian-gcc, r-devel-linux-x86_64-fedora-clang, r-devel-linux-x86_64-fedora-gcc, r-prerel-macos-arm64, r-prerel-windows-x86_64, r-patched-linux-x86_64
Version: 1.1.0
Check: LazyData
Result: NOTE
'LazyData' is specified without a 'data' directory
Flavors: r-devel-linux-x86_64-debian-clang, r-devel-linux-x86_64-debian-gcc, r-devel-linux-x86_64-fedora-clang, r-devel-linux-x86_64-fedora-gcc, r-prerel-macos-arm64, r-prerel-windows-x86_64, r-patched-linux-x86_64, r-release-linux-x86_64, r-release-macos-arm64, r-release-macos-x86_64, r-release-windows-x86_64, r-oldrel-macos-arm64, r-oldrel-windows-x86_64