CRAN Package Check Results for Package smartsizer

Last updated on 2022-12-02 11:49:42 CET.

Flavor Version Tinstall Tcheck Ttotal Status Flags
r-devel-linux-x86_64-debian-clang 1.0.3 2.41 171.08 173.49 NOTE
r-devel-linux-x86_64-debian-gcc 1.0.3 1.79 108.40 110.19 NOTE
r-devel-linux-x86_64-fedora-clang 1.0.3 220.74 NOTE
r-devel-linux-x86_64-fedora-gcc 1.0.3 206.39 NOTE
r-devel-windows-x86_64 1.0.3 15.00 172.00 187.00 NOTE
r-patched-linux-x86_64 1.0.3 2.25 154.96 157.21 NOTE
r-release-linux-x86_64 1.0.3 1.99 160.86 162.85 NOTE
r-release-macos-arm64 1.0.3 45.00 NOTE
r-release-macos-x86_64 1.0.3 58.00 NOTE
r-release-windows-x86_64 1.0.3 7.00 172.00 179.00 NOTE
r-oldrel-macos-arm64 1.0.3 53.00 NOTE
r-oldrel-macos-x86_64 1.0.3 90.00 NOTE
r-oldrel-windows-ix86+x86_64 1.0.3 6.00 189.00 195.00 NOTE

Check Details

Version: 1.0.3
Check: LazyData
Result: NOTE
     'LazyData' is specified without a 'data' directory
Flavors: r-devel-linux-x86_64-debian-clang, r-devel-linux-x86_64-debian-gcc, r-devel-linux-x86_64-fedora-clang, r-devel-linux-x86_64-fedora-gcc, r-devel-windows-x86_64, r-patched-linux-x86_64, r-release-linux-x86_64, r-release-macos-arm64, r-release-macos-x86_64, r-release-windows-x86_64, r-oldrel-macos-arm64, r-oldrel-macos-x86_64, r-oldrel-windows-ix86+x86_64