Last updated on 2025-01-21 11:48:35 CET.
Flavor | Version | Tinstall | Tcheck | Ttotal | Status | Flags |
---|---|---|---|---|---|---|
r-devel-linux-x86_64-debian-clang | 2.0.0 | 6.60 | 134.84 | 141.44 | OK | |
r-devel-linux-x86_64-debian-gcc | 2.0.0 | 5.92 | 88.47 | 94.39 | OK | |
r-devel-linux-x86_64-fedora-clang | 2.0.0 | 233.11 | OK | |||
r-devel-linux-x86_64-fedora-gcc | 2.0.0 | 235.10 | OK | |||
r-devel-windows-x86_64 | 2.0.0 | 10.00 | 125.00 | 135.00 | OK | |
r-patched-linux-x86_64 | 2.0.0 | 7.01 | 122.38 | 129.39 | NOTE | |
r-release-linux-x86_64 | 2.0.0 | 7.77 | 121.11 | 128.88 | NOTE | |
r-release-macos-arm64 | 2.0.0 | 60.00 | NOTE | |||
r-release-macos-x86_64 | 2.0.0 | 96.00 | NOTE | |||
r-release-windows-x86_64 | 2.0.0 | 11.00 | 122.00 | 133.00 | NOTE | |
r-oldrel-macos-arm64 | 2.0.0 | 76.00 | NOTE | |||
r-oldrel-macos-x86_64 | 2.0.0 | 152.00 | NOTE | |||
r-oldrel-windows-x86_64 | 2.0.0 | 11.00 | 154.00 | 165.00 | NOTE |
Version: 2.0.0
Check: package dependencies
Result: NOTE
Package suggested but not available for checking: ‘gurobi’
Flavors: r-patched-linux-x86_64, r-release-linux-x86_64, r-release-macos-arm64, r-release-macos-x86_64, r-release-windows-x86_64, r-oldrel-macos-arm64, r-oldrel-macos-x86_64, r-oldrel-windows-x86_64