CRAN Package Check Results for Package slippymath

Last updated on 2022-08-13 11:50:20 CEST.

Flavor Version Tinstall Tcheck Ttotal Status Flags
r-devel-linux-x86_64-debian-clang 0.3.1 1.69 53.99 55.68 NOTE
r-devel-linux-x86_64-debian-gcc 0.3.1 2.10 40.22 42.32 NOTE
r-devel-linux-x86_64-fedora-clang 0.3.1 77.98 NOTE
r-devel-linux-x86_64-fedora-gcc 0.3.1 74.22 NOTE
r-devel-windows-x86_64 0.3.1 30.00 90.00 120.00 NOTE
r-patched-linux-x86_64 0.3.1 2.49 50.74 53.23 NOTE
r-release-linux-x86_64 0.3.1 2.62 51.45 54.07 NOTE
r-release-macos-arm64 0.3.1 25.00 NOTE
r-release-macos-x86_64 0.3.1 37.00 NOTE
r-release-windows-x86_64 0.3.1 5.00 87.00 92.00 NOTE
r-oldrel-macos-arm64 0.3.1 28.00 NOTE
r-oldrel-macos-x86_64 0.3.1 37.00 NOTE
r-oldrel-windows-ix86+x86_64 0.3.1 5.00 75.00 80.00 NOTE

Check Details

Version: 0.3.1
Check: LazyData
Result: NOTE
     'LazyData' is specified without a 'data' directory
Flavors: r-devel-linux-x86_64-debian-clang, r-devel-linux-x86_64-debian-gcc, r-devel-linux-x86_64-fedora-clang, r-devel-linux-x86_64-fedora-gcc, r-devel-windows-x86_64, r-patched-linux-x86_64, r-release-linux-x86_64, r-release-macos-arm64, r-release-macos-x86_64, r-release-windows-x86_64, r-oldrel-macos-arm64, r-oldrel-macos-x86_64, r-oldrel-windows-ix86+x86_64