Last updated on 2024-03-28 09:51:57 CET.
Flavor | Version | Tinstall | Tcheck | Ttotal | Status | Flags |
---|---|---|---|---|---|---|
r-devel-linux-x86_64-debian-clang | 0.3.1 | 2.46 | 57.91 | 60.37 | NOTE | |
r-devel-linux-x86_64-debian-gcc | 0.3.1 | 2.01 | 44.46 | 46.47 | NOTE | |
r-devel-linux-x86_64-fedora-clang | 0.3.1 | 75.23 | NOTE | |||
r-devel-linux-x86_64-fedora-gcc | 0.3.1 | 88.43 | NOTE | |||
r-devel-windows-x86_64 | 0.3.1 | 3.00 | 69.00 | 72.00 | NOTE | |
r-patched-linux-x86_64 | 0.3.1 | 2.69 | 57.49 | 60.18 | NOTE | |
r-release-linux-x86_64 | 0.3.1 | 1.98 | 55.99 | 57.97 | NOTE | |
r-release-macos-arm64 | 0.3.1 | 35.00 | NOTE | |||
r-release-macos-x86_64 | 0.3.1 | 52.00 | NOTE | |||
r-release-windows-x86_64 | 0.3.1 | 4.00 | 75.00 | 79.00 | NOTE | |
r-oldrel-macos-arm64 | 0.3.1 | 25.00 | NOTE | |||
r-oldrel-windows-x86_64 | 0.3.1 | 4.00 | 80.00 | 84.00 | NOTE |
Version: 0.3.1
Check: LazyData
Result: NOTE
'LazyData' is specified without a 'data' directory
Flavors: r-devel-linux-x86_64-debian-clang, r-devel-linux-x86_64-debian-gcc, r-devel-linux-x86_64-fedora-clang, r-devel-linux-x86_64-fedora-gcc, r-devel-windows-x86_64, r-patched-linux-x86_64, r-release-linux-x86_64, r-release-macos-arm64, r-release-macos-x86_64, r-release-windows-x86_64, r-oldrel-macos-arm64, r-oldrel-windows-x86_64