Last updated on 2023-09-24 12:28:31 CEST.
Flavor | Version | Tinstall | Tcheck | Ttotal | Status | Flags |
---|---|---|---|---|---|---|
r-devel-linux-x86_64-debian-clang | 0.3.0 | 11.81 | 117.23 | 129.04 | NOTE | |
r-devel-linux-x86_64-debian-gcc | 0.3.0 | 8.47 | 92.50 | 100.97 | NOTE | |
r-devel-linux-x86_64-fedora-clang | 0.3.0 | 169.34 | NOTE | |||
r-devel-linux-x86_64-fedora-gcc | 0.3.0 | 178.70 | NOTE | |||
r-devel-windows-x86_64 | 0.3.0 | 16.00 | 112.00 | 128.00 | NOTE | |
r-patched-linux-x86_64 | 0.3.0 | 11.48 | 114.44 | 125.92 | NOTE | |
r-release-linux-x86_64 | 0.3.0 | 10.30 | 117.83 | 128.13 | NOTE | |
r-release-macos-arm64 | 0.3.0 | 57.00 | NOTE | |||
r-release-macos-x86_64 | 0.3.0 | 86.00 | NOTE | |||
r-release-windows-x86_64 | 0.3.0 | 18.00 | 137.00 | 155.00 | NOTE | |
r-oldrel-macos-arm64 | 0.3.0 | 50.00 | OK | |||
r-oldrel-macos-x86_64 | 0.3.0 | 67.00 | OK | |||
r-oldrel-windows-x86_64 | 0.3.0 | 16.00 | 138.00 | 154.00 | OK |
Version: 0.3.0
Check: C++ specification
Result: NOTE
Specified C++11: please drop specification unless essential
Flavors: r-devel-linux-x86_64-debian-clang, r-devel-linux-x86_64-debian-gcc, r-devel-linux-x86_64-fedora-clang, r-devel-linux-x86_64-fedora-gcc, r-devel-windows-x86_64, r-patched-linux-x86_64, r-release-linux-x86_64, r-release-macos-arm64, r-release-macos-x86_64, r-release-windows-x86_64