Last updated on 2023-09-26 13:08:43 CEST.
Flavor | Version | Tinstall | Tcheck | Ttotal | Status | Flags |
---|---|---|---|---|---|---|
r-devel-linux-x86_64-debian-clang | 1.0.0 | 18.69 | 303.10 | 321.79 | OK | |
r-devel-linux-x86_64-debian-gcc | 1.0.0 | 12.98 | 232.41 | 245.39 | OK | |
r-devel-linux-x86_64-fedora-clang | 1.0.0 | 421.22 | NOTE | |||
r-devel-linux-x86_64-fedora-gcc | 1.0.0 | 438.33 | NOTE | |||
r-devel-windows-x86_64 | 1.0.0 | 17.00 | 461.00 | 478.00 | OK | |
r-patched-linux-x86_64 | 1.0.0 | 19.73 | 308.32 | 328.05 | OK | |
r-release-linux-x86_64 | 1.0.0 | 11.95 | 295.98 | 307.93 | OK | |
r-release-macos-arm64 | 1.0.0 | 333.00 | OK | |||
r-release-macos-x86_64 | 1.0.0 | 420.00 | OK | |||
r-release-windows-x86_64 | 1.0.0 | 23.00 | 539.00 | 562.00 | OK | |
r-oldrel-macos-arm64 | 1.0.0 | 311.00 | NOTE | |||
r-oldrel-macos-x86_64 | 1.0.0 | 398.00 | NOTE | |||
r-oldrel-windows-x86_64 | 1.0.0 | 22.00 | 531.00 | 553.00 | OK |
Version: 1.0.0
Check: dependencies in R code
Result: NOTE
Namespaces in Imports field not imported from:
‘numDeriv’ ‘png’
All declared Imports should be used.
Flavors: r-devel-linux-x86_64-fedora-clang, r-devel-linux-x86_64-fedora-gcc, r-oldrel-macos-arm64, r-oldrel-macos-x86_64