CRAN Package Check Results for Package skyscapeR

Last updated on 2022-12-03 12:57:27 CET.

Flavor Version Tinstall Tcheck Ttotal Status Flags
r-devel-linux-x86_64-debian-clang 1.0.0 20.63 323.66 344.29 OK
r-devel-linux-x86_64-debian-gcc 1.0.0 14.04 235.44 249.48 OK
r-devel-linux-x86_64-fedora-clang 1.0.0 437.48 NOTE
r-devel-linux-x86_64-fedora-gcc 1.0.0 447.58 NOTE
r-devel-windows-x86_64 1.0.0 67.00 599.00 666.00 OK
r-patched-linux-x86_64 1.0.0 19.54 303.22 322.76 OK
r-release-linux-x86_64 1.0.0 14.11 313.24 327.35 OK
r-release-macos-arm64 1.0.0 311.00 NOTE
r-release-macos-x86_64 1.0.0 398.00 NOTE
r-release-windows-x86_64 1.0.0 58.00 582.00 640.00 OK
r-oldrel-macos-arm64 1.0.0 278.00 NOTE
r-oldrel-macos-x86_64 1.0.0 351.00 NOTE
r-oldrel-windows-ix86+x86_64 1.0.0 40.00 619.00 659.00 OK

Check Details

Version: 1.0.0
Check: dependencies in R code
Result: NOTE
    Namespaces in Imports field not imported from:
     ‘numDeriv’ ‘png’
     All declared Imports should be used.
Flavors: r-devel-linux-x86_64-fedora-clang, r-devel-linux-x86_64-fedora-gcc, r-release-macos-arm64, r-release-macos-x86_64, r-oldrel-macos-arm64, r-oldrel-macos-x86_64