Last updated on 2025-07-12 11:48:39 CEST.
Flavor | Version | Tinstall | Tcheck | Ttotal | Status | Flags |
---|---|---|---|---|---|---|
r-devel-linux-x86_64-debian-clang | 1.8.2 | 155.43 | 90.32 | 245.75 | OK | |
r-devel-linux-x86_64-debian-gcc | 1.8.2 | 124.35 | 71.36 | 195.71 | WARN | |
r-devel-linux-x86_64-fedora-clang | 1.8.2 | 401.23 | OK | |||
r-devel-linux-x86_64-fedora-gcc | 1.8.2 | 455.70 | OK | |||
r-devel-windows-x86_64 | 1.8.2 | 156.00 | 141.00 | 297.00 | OK | |
r-patched-linux-x86_64 | 1.8.2 | 163.57 | 102.43 | 266.00 | OK | |
r-release-linux-x86_64 | 1.8.2 | 151.47 | 104.86 | 256.33 | OK | |
r-release-macos-arm64 | 1.8.2 | 76.00 | OK | |||
r-release-macos-x86_64 | 1.8.2 | 140.00 | OK | |||
r-release-windows-x86_64 | 1.8.2 | 153.00 | 145.00 | 298.00 | OK | |
r-oldrel-macos-arm64 | 1.8.2 | 95.00 | NOTE | |||
r-oldrel-macos-x86_64 | 1.8.2 | 132.00 | NOTE | |||
r-oldrel-windows-x86_64 | 1.8.2 | 185.00 | 169.00 | 354.00 | OK |
Version: 1.8.2
Check: replacement functions
Result: WARN
‘print.:.skpr_eval_output’ ‘print.:.skpr_power_curve_output’
‘print.:.skpr_eval_output’ ‘print.:.skpr_power_curve_output’
The argument of a replacement function which corresponds to the right
hand side must be named ‘value’.
Flavor: r-devel-linux-x86_64-debian-gcc
Version: 1.8.2
Check: installed package size
Result: NOTE
installed size is 38.4Mb
sub-directories of 1Mb or more:
libs 37.7Mb
Flavors: r-oldrel-macos-arm64, r-oldrel-macos-x86_64