CRAN Package Check Results for Package sketchy

Last updated on 2024-03-03 11:54:46 CET.

Flavor Version Tinstall Tcheck Ttotal Status Flags
r-devel-linux-x86_64-debian-clang 1.0.2 3.81 36.30 40.11 OK
r-devel-linux-x86_64-debian-gcc 1.0.2 3.16 28.47 31.63 OK
r-devel-linux-x86_64-fedora-clang 1.0.2 48.61 NOTE
r-devel-linux-x86_64-fedora-gcc 1.0.2 47.15 NOTE
r-devel-windows-x86_64 1.0.2 6.00 50.00 56.00 OK
r-patched-linux-x86_64 1.0.2 4.57 35.55 40.12 OK
r-release-linux-x86_64 1.0.2 3.36 35.47 38.83 OK
r-release-macos-arm64 1.0.2 20.00 OK
r-release-macos-x86_64 1.0.2 26.00 OK
r-release-windows-x86_64 1.0.2 6.00 54.00 60.00 OK
r-oldrel-macos-arm64 1.0.2 18.00 NOTE
r-oldrel-windows-x86_64 1.0.2 6.00 59.00 65.00 OK

Check Details

Version: 1.0.2
Check: data for non-ASCII characters
Result: NOTE Note: found 2 marked UTF-8 strings Flavors: r-devel-linux-x86_64-fedora-clang, r-devel-linux-x86_64-fedora-gcc, r-oldrel-macos-arm64