CRAN Package Check Results for Package sketchy

Last updated on 2023-01-31 12:53:50 CET.

Flavor Version Tinstall Tcheck Ttotal Status Flags
r-devel-linux-x86_64-debian-clang 1.0.2 2.05 31.41 33.46 OK
r-devel-linux-x86_64-debian-gcc 1.0.2 2.65 24.51 27.16 OK
r-devel-linux-x86_64-fedora-clang 1.0.2 43.28 NOTE
r-devel-linux-x86_64-fedora-gcc 1.0.2 45.31 NOTE
r-devel-windows-x86_64 1.0.2 15.00 62.00 77.00 OK
r-patched-linux-x86_64 1.0.2 2.33 30.77 33.10 OK
r-release-linux-x86_64 1.0.2 3.37 31.62 34.99 OK
r-release-macos-arm64 1.0.2 18.00 NOTE
r-release-macos-x86_64 1.0.2 24.00 NOTE
r-release-windows-x86_64 1.0.2 17.00 64.00 81.00 OK
r-oldrel-macos-arm64 1.0.2 17.00 NOTE
r-oldrel-macos-x86_64 1.0.2 23.00 NOTE
r-oldrel-windows-ix86+x86_64 1.0.2 7.00 57.00 64.00 OK

Check Details

Version: 1.0.2
Check: data for non-ASCII characters
Result: NOTE
     Note: found 2 marked UTF-8 strings
Flavors: r-devel-linux-x86_64-fedora-clang, r-devel-linux-x86_64-fedora-gcc, r-release-macos-arm64, r-release-macos-x86_64, r-oldrel-macos-arm64, r-oldrel-macos-x86_64