CRAN Package Check Results for Package sketcher

Last updated on 2024-04-21 12:54:14 CEST.

Flavor Version Tinstall Tcheck Ttotal Status Flags
r-devel-linux-x86_64-debian-clang 0.1.3 5.02 40.27 45.29 OK
r-devel-linux-x86_64-debian-gcc 0.1.3 4.25 30.35 34.60 OK
r-devel-linux-x86_64-fedora-clang 0.1.3 59.22 NOTE
r-devel-linux-x86_64-fedora-gcc 0.1.3 53.28 NOTE
r-prerel-macos-arm64 0.1.3 22.00 OK
r-prerel-windows-x86_64 0.1.3 7.00 50.00 57.00 OK
r-patched-linux-x86_64 0.1.3 4.84 36.68 41.52 OK
r-release-linux-x86_64 0.1.3 6.12 37.13 43.25 OK
r-release-macos-arm64 0.1.3 25.00 OK
r-release-macos-x86_64 0.1.3 32.00 OK
r-release-windows-x86_64 0.1.3 10.00 54.00 64.00 OK
r-oldrel-macos-arm64 0.1.3 20.00 NOTE
r-oldrel-windows-x86_64 0.1.3 8.00 61.00 69.00 OK

Check Details

Version: 0.1.3
Check: dependencies in R code
Result: NOTE Namespaces in Imports field not imported from: ‘dplyr’ ‘methods’ All declared Imports should be used. Flavors: r-devel-linux-x86_64-fedora-clang, r-devel-linux-x86_64-fedora-gcc, r-oldrel-macos-arm64