Last updated on 2022-06-25 10:53:15 CEST.
Flavor | Version | Tinstall | Tcheck | Ttotal | Status | Flags |
---|---|---|---|---|---|---|
r-devel-linux-x86_64-debian-clang | 0.1.3 | 4.08 | 32.19 | 36.27 | OK | |
r-devel-linux-x86_64-debian-gcc | 0.1.3 | 3.98 | 25.05 | 29.03 | OK | |
r-devel-linux-x86_64-fedora-clang | 0.1.3 | 55.08 | NOTE | |||
r-devel-linux-x86_64-fedora-gcc | 0.1.3 | 53.87 | NOTE | |||
r-devel-windows-x86_64 | 0.1.3 | 26.00 | 57.00 | 83.00 | OK | |
r-patched-linux-x86_64 | 0.1.3 | 5.21 | 31.46 | 36.67 | OK | |
r-release-linux-x86_64 | 0.1.3 | 3.93 | 31.55 | 35.48 | OK | |
r-release-macos-arm64 | 0.1.3 | 20.00 | NOTE | |||
r-release-macos-x86_64 | 0.1.3 | 32.00 | NOTE | |||
r-release-windows-x86_64 | 0.1.3 | 29.00 | 62.00 | 91.00 | OK | |
r-oldrel-macos-arm64 | 0.1.3 | 23.00 | NOTE | |||
r-oldrel-macos-x86_64 | 0.1.3 | 33.00 | NOTE | |||
r-oldrel-windows-ix86+x86_64 | 0.1.3 | 10.00 | 52.00 | 62.00 | OK |
Version: 0.1.3
Check: dependencies in R code
Result: NOTE
Namespaces in Imports field not imported from:
‘dplyr’ ‘methods’
All declared Imports should be used.
Flavors: r-devel-linux-x86_64-fedora-clang, r-devel-linux-x86_64-fedora-gcc, r-release-macos-arm64, r-release-macos-x86_64, r-oldrel-macos-arm64, r-oldrel-macos-x86_64